Last updated on 2025-05-01 14:49:11 CEST.
Flavor | Version | Tinstall | Tcheck | Ttotal | Status | Flags |
---|---|---|---|---|---|---|
r-devel-linux-x86_64-debian-clang | 2.0 | 8.01 | 60.99 | 69.00 | NOTE | |
r-devel-linux-x86_64-debian-gcc | 2.0 | 5.37 | 45.46 | 50.83 | NOTE | |
r-devel-linux-x86_64-fedora-clang | 2.0 | 105.71 | OK | |||
r-devel-linux-x86_64-fedora-gcc | 2.0 | 105.79 | OK | |||
r-devel-windows-x86_64 | 2.0 | 8.00 | 77.00 | 85.00 | OK | |
r-patched-linux-x86_64 | 2.0 | 7.54 | 58.72 | 66.26 | OK | |
r-release-linux-x86_64 | OK | |||||
r-release-macos-arm64 | 2.0 | 38.00 | OK | |||
r-release-macos-x86_64 | 2.0 | 66.00 | OK | |||
r-release-windows-x86_64 | 2.0 | 8.00 | 81.00 | 89.00 | OK | |
r-oldrel-macos-arm64 | 2.0 | 32.00 | OK | |||
r-oldrel-macos-x86_64 | 2.0 | 51.00 | OK | |||
r-oldrel-windows-x86_64 | 2.0 | 10.00 | 88.00 | 98.00 | OK |
Version: 2.0
Check: CRAN incoming feasibility
Result: NOTE
Maintainer: ‘Jie Zhou <zhoujie02569@gmail.com>’
No Authors@R field in DESCRIPTION.
Please add one, modifying
Authors@R: c(person(given = "Jie",
family = "Zhou",
role = c("aut", "cre"),
email = "zhoujie02569@gmail.com"),
person(given = "Jiajia",
family = "Zhang",
role = "aut"),
person(given = "Wenbin",
family = "Lu",
role = "aut"))
as necessary.
Found the following \keyword or \concept entries
which likely give several index terms:
File ‘GORCure-package.Rd’:
\keyword{ package, linear transformation model, mi [TRUNCATED]
Flavors: r-devel-linux-x86_64-debian-clang, r-devel-linux-x86_64-debian-gcc
Version: 2.0
Check: examples
Result: NOTE
Examples with CPU (user + system) or elapsed time > 5s
user system elapsed
GORMC 6.325 0.038 8.213
Flavor: r-devel-linux-x86_64-debian-clang
Version: 2.0
Check: examples
Result: NA
user system elapsed
GORMC 4.521 0.069 5.825
OK
Flavor: r-devel-linux-x86_64-debian-gcc
These binaries (installable software) and packages are in development.
They may not be fully stable and should be used with caution. We make no claims about them.