CRAN Package Check Results for Package GPArotateDF

Last updated on 2025-02-16 10:50:47 CET.

Flavor Version Tinstall Tcheck Ttotal Status Flags
r-devel-linux-x86_64-debian-clang 2023.11-1 1.73 28.95 30.68 NOTE
r-devel-linux-x86_64-debian-gcc 2023.11-1 1.61 22.51 24.12 NOTE
r-devel-linux-x86_64-fedora-clang 2023.11-1 52.43 OK
r-devel-linux-x86_64-fedora-gcc 2023.11-1 173.28 OK
r-devel-macos-arm64 2023.11-1 52.00 OK
r-devel-macos-x86_64 2023.11-1 131.00 OK
r-devel-windows-x86_64 2023.11-1 4.00 63.00 67.00 NOTE
r-patched-linux-x86_64 2023.11-1 3.01 27.53 30.54 OK
r-release-linux-x86_64 2023.11-1 1.89 27.63 29.52 OK
r-release-macos-arm64 2023.11-1 46.00 OK
r-release-macos-x86_64 2023.11-1 112.00 OK
r-release-windows-x86_64 2023.11-1 3.00 61.00 64.00 OK
r-oldrel-macos-arm64 2023.11-1 55.00 OK
r-oldrel-macos-x86_64 2023.11-1 206.00 OK
r-oldrel-windows-x86_64 2023.11-1 3.00 61.00 64.00 OK

Check Details

Version: 2023.11-1
Check: Rd cross-references
Result: NOTE Found the following Rd file(s) with Rd \link{} targets missing package anchors: 00.GPArotateDF.Rd: NormalizingWeight Please provide package anchors for all Rd \link{} targets not in the package itself and the base packages. Flavors: r-devel-linux-x86_64-debian-clang, r-devel-linux-x86_64-debian-gcc, r-devel-windows-x86_64

These binaries (installable software) and packages are in development.
They may not be fully stable and should be used with caution. We make no claims about them.