CRAN Package Check Results for Package GPBayes

Last updated on 2025-05-21 21:49:18 CEST.

Flavor Version Tinstall Tcheck Ttotal Status Flags
r-devel-linux-x86_64-debian-clang 0.1.0-6 183.00 40.57 223.57 OK
r-devel-linux-x86_64-debian-gcc 0.1.0-6 141.87 37.11 178.98 OK
r-devel-linux-x86_64-fedora-clang 0.1.0-6 322.92 OK
r-devel-linux-x86_64-fedora-gcc 0.1.0-6 480.58 OK
r-devel-windows-x86_64 0.1.0-6 153.00 96.00 249.00 OK
r-patched-linux-x86_64 0.1.0-6 188.76 48.87 237.63 OK
r-release-linux-x86_64 0.1.0-6 187.25 49.01 236.26 OK
r-release-macos-arm64 0.1.0-6 87.00 OK
r-release-macos-x86_64 0.1.0-6 114.00 OK
r-release-windows-x86_64 0.1.0-6 150.00 111.00 261.00 OK
r-oldrel-macos-arm64 0.1.0-6 92.00 NOTE
r-oldrel-macos-x86_64 0.1.0-6 90.00 NOTE
r-oldrel-windows-x86_64 0.1.0-6 180.00 111.00 291.00 OK

Check Details

Version: 0.1.0-6
Check: installed package size
Result: NOTE installed size is 35.8Mb sub-directories of 1Mb or more: libs 35.4Mb Flavors: r-oldrel-macos-arm64, r-oldrel-macos-x86_64

These binaries (installable software) and packages are in development.
They may not be fully stable and should be used with caution. We make no claims about them.