CRAN Package Check Results for Package GPBayes

Last updated on 2025-07-26 07:50:23 CEST.

Flavor Version Tinstall Tcheck Ttotal Status Flags
r-devel-linux-x86_64-debian-clang 0.1.0-6 178.90 40.99 219.89 OK
r-devel-linux-x86_64-debian-gcc 0.1.0-6 141.37 38.44 179.81 OK
r-devel-linux-x86_64-fedora-clang 0.1.0-6 313.95 OK
r-devel-linux-x86_64-fedora-gcc 0.1.0-6 428.91 OK
r-devel-windows-x86_64 0.1.0-6 149.00 94.00 243.00 OK
r-patched-linux-x86_64 0.1.0-6 186.10 49.35 235.45 OK
r-release-linux-x86_64 0.1.0-6 191.04 48.92 239.96 OK
r-release-macos-arm64 0.1.0-6 87.00 OK
r-release-macos-x86_64 0.1.0-6 114.00 OK
r-release-windows-x86_64 0.1.0-6 153.00 118.00 271.00 OK
r-oldrel-macos-arm64 0.1.0-6 92.00 NOTE
r-oldrel-macos-x86_64 0.1.0-6 90.00 NOTE
r-oldrel-windows-x86_64 0.1.0-6 185.00 110.00 295.00 OK

Check Details

Version: 0.1.0-6
Check: installed package size
Result: NOTE installed size is 35.8Mb sub-directories of 1Mb or more: libs 35.4Mb Flavors: r-oldrel-macos-arm64, r-oldrel-macos-x86_64

These binaries (installable software) and packages are in development.
They may not be fully stable and should be used with caution. We make no claims about them.