Last updated on 2025-05-01 22:49:43 CEST.
Flavor | Version | Tinstall | Tcheck | Ttotal | Status | Flags |
---|---|---|---|---|---|---|
r-devel-linux-x86_64-debian-clang | 0.2.4 | 27.09 | 429.63 | 456.72 | NOTE | |
r-devel-linux-x86_64-debian-gcc | 0.2.4 | 18.69 | 263.18 | 281.87 | NOTE | |
r-devel-linux-x86_64-fedora-clang | 0.2.4 | 647.39 | OK | |||
r-devel-linux-x86_64-fedora-gcc | 0.2.4 | 672.17 | OK | |||
r-devel-windows-x86_64 | 0.2.4 | 34.00 | 474.00 | 508.00 | OK | |
r-patched-linux-x86_64 | 0.2.4 | 28.54 | 342.49 | 371.03 | OK | |
r-release-linux-x86_64 | OK | |||||
r-release-macos-arm64 | 0.2.4 | 261.00 | OK | |||
r-release-macos-x86_64 | 0.2.4 | 440.00 | OK | |||
r-release-windows-x86_64 | 0.2.4 | 35.00 | 474.00 | 509.00 | OK | |
r-oldrel-macos-arm64 | 0.2.4 | 201.00 | OK | |||
r-oldrel-macos-x86_64 | 0.2.4 | 397.00 | OK | |||
r-oldrel-windows-x86_64 | 0.2.4 | 39.00 | 682.00 | 721.00 | OK |
Version: 0.2.4
Check: DESCRIPTION meta-information
Result: NOTE
Author field differs from that derived from Authors@R
Author: ‘Naeem Khoshnevis [aut] (<https://orcid.org/0000-0003-4315-1426>, HUIT), Boyu Ren [aut, cre] (<https://orcid.org/0000-0002-5300-1184>, McLean Hospital), Tanujit Dey [ctb] (<https://orcid.org/0000-0001-5559-211X>, HMS), Danielle Braun [aut] (<https://orcid.org/0000-0002-5177-8598>, HSPH)’
Authors@R: ‘Naeem Khoshnevis [aut] (ORCID: <https://orcid.org/0000-0003-4315-1426>, AFFILIATION: HUIT), Boyu Ren [aut, cre] (ORCID: <https://orcid.org/0000-0002-5300-1184>, AFFILIATION: McLean Hospital), Tanujit Dey [ctb] (ORCID: <https://orcid.org/0000-0001-5559-211X>, AFFILIATION: HMS), Danielle Braun [aut] (ORCID: <https://orcid.org/0000-0002-5177-8598>, AFFILIATION: HSPH)’
Flavors: r-devel-linux-x86_64-debian-clang, r-devel-linux-x86_64-debian-gcc
These binaries (installable software) and packages are in development.
They may not be fully stable and should be used with caution. We make no claims about them.