Last updated on 2025-05-01 10:50:11 CEST.
Flavor | Version | Tinstall | Tcheck | Ttotal | Status | Flags |
---|---|---|---|---|---|---|
r-devel-linux-x86_64-debian-clang | 3.1.3 | 86.50 | 349.88 | 436.38 | NOTE | |
r-devel-linux-x86_64-debian-gcc | 3.1.3 | 53.85 | 258.64 | 312.49 | NOTE | |
r-devel-linux-x86_64-fedora-clang | 3.1.3 | 721.58 | OK | |||
r-devel-linux-x86_64-fedora-gcc | 3.1.3 | 777.16 | OK | |||
r-devel-windows-x86_64 | 3.1.3 | 96.00 | 354.00 | 450.00 | OK | |
r-patched-linux-x86_64 | 3.1.3 | 78.99 | 397.05 | 476.04 | OK | |
r-release-linux-x86_64 | OK | |||||
r-release-macos-arm64 | 3.1.3 | 202.00 | OK | |||
r-release-macos-x86_64 | 3.1.3 | 422.00 | OK | |||
r-release-windows-x86_64 | 3.1.3 | 99.00 | 364.00 | 463.00 | OK | |
r-oldrel-macos-arm64 | 3.1.3 | 202.00 | OK | |||
r-oldrel-macos-x86_64 | 3.1.3 | 362.00 | OK | |||
r-oldrel-windows-x86_64 | 3.1.3 | 115.00 | 522.00 | 637.00 | OK |
Version: 3.1.3
Check: CRAN incoming feasibility
Result: NOTE
Maintainer: ‘Evandro Konzen <gpfda.r@gmail.com>’
No Authors@R field in DESCRIPTION.
Please add one, modifying
Authors@R: c(person(given = c("Jian", "Qing"),
family = "Shi",
role = "aut"),
person(given = "Yafeng",
family = "Cheng",
role = "aut"),
person(given = "Evandro",
family = "Konzen",
role = c("aut", "cre"),
email = "gpfda.r@gmail.com"))
as necessary.
Flavors: r-devel-linux-x86_64-debian-clang, r-devel-linux-x86_64-debian-gcc
These binaries (installable software) and packages are in development.
They may not be fully stable and should be used with caution. We make no claims about them.