CRAN Package Check Results for Package GPL2025

Last updated on 2025-11-17 15:50:05 CET.

Flavor Version Tinstall Tcheck Ttotal Status Flags
r-devel-linux-x86_64-debian-clang 1.0.1 1.94 18.58 20.52 NOTE
r-devel-linux-x86_64-debian-gcc 1.0.1 1.55 15.69 17.24 NOTE
r-devel-linux-x86_64-fedora-clang 1.0.1 30.22 NOTE
r-devel-linux-x86_64-fedora-gcc 1.0.1 28.92 NOTE
r-devel-windows-x86_64 1.0.1 5.00 36.00 41.00 OK
r-patched-linux-x86_64 1.0.1 1.95 17.73 19.68 OK
r-release-linux-x86_64 1.0.1 1.96 17.64 19.60 OK
r-release-macos-arm64 1.0.1 2.00 16.00 18.00 OK
r-release-macos-x86_64 1.0.1 2.00 21.00 23.00 OK
r-release-windows-x86_64 1.0.1 4.00 35.00 39.00 OK
r-oldrel-macos-arm64 1.0.1 1.00 14.00 15.00 NOTE
r-oldrel-macos-x86_64 1.0.1 2.00 19.00 21.00 NOTE
r-oldrel-windows-x86_64 1.0.1 5.00 41.00 46.00 NOTE

Check Details

Version: 1.0.1
Check: CRAN incoming feasibility
Result: NOTE Maintainer: ‘Xiang Li <ynaulx@gmail.com>’ No Authors@R field in DESCRIPTION. Please add one, modifying Authors@R: person(given = "Xiang", family = "Li", role = c("aut", "cre"), email = "ynaulx@gmail.com") as necessary. Flavors: r-devel-linux-x86_64-debian-clang, r-devel-linux-x86_64-debian-gcc

Version: 1.0.1
Check: dependencies in R code
Result: NOTE Namespace in Imports field not imported from: ‘dplyr’ All declared Imports should be used. Flavors: r-devel-linux-x86_64-fedora-clang, r-devel-linux-x86_64-fedora-gcc

Version: 1.0.1
Check: LazyData
Result: NOTE 'LazyData' is specified without a 'data' directory Flavors: r-oldrel-macos-arm64, r-oldrel-macos-x86_64, r-oldrel-windows-x86_64

These binaries (installable software) and packages are in development.
They may not be fully stable and should be used with caution. We make no claims about them.