Last updated on 2025-02-16 12:53:36 CET.
Flavor | Version | Tinstall | Tcheck | Ttotal | Status | Flags |
---|---|---|---|---|---|---|
r-devel-linux-x86_64-debian-clang | 3.0.1 | 28.17 | 29.96 | 58.13 | NOTE | |
r-devel-linux-x86_64-debian-gcc | 3.0.1 | 22.54 | 22.70 | 45.24 | NOTE | |
r-devel-linux-x86_64-fedora-clang | 3.0.1 | 114.18 | NOTE | |||
r-devel-linux-x86_64-fedora-gcc | 3.0.1 | 108.23 | NOTE | |||
r-devel-macos-arm64 | 3.0.1 | 31.00 | NOTE | |||
r-devel-macos-x86_64 | 3.0.1 | 45.00 | NOTE | |||
r-devel-windows-x86_64 | 3.0.1 | 34.00 | 66.00 | 100.00 | NOTE | |
r-patched-linux-x86_64 | 3.0.1 | 29.12 | 28.54 | 57.66 | NOTE | |
r-release-linux-x86_64 | 3.0.1 | 30.82 | 28.15 | 58.97 | NOTE | |
r-release-macos-arm64 | 3.0.1 | 30.00 | NOTE | |||
r-release-macos-x86_64 | 3.0.1 | 39.00 | NOTE | |||
r-release-windows-x86_64 | 3.0.1 | 36.00 | 68.00 | 104.00 | NOTE | |
r-oldrel-macos-arm64 | 3.0.1 | 38.00 | NOTE | |||
r-oldrel-macos-x86_64 | 3.0.1 | 60.00 | NOTE | |||
r-oldrel-windows-x86_64 | 3.0.1 | 42.00 | 92.00 | 134.00 | NOTE |
Version: 3.0.1
Check: C++ specification
Result: NOTE
Specified C++11: please drop specification unless essential
Flavors: r-devel-linux-x86_64-debian-clang, r-devel-linux-x86_64-debian-gcc, r-devel-linux-x86_64-fedora-clang, r-devel-linux-x86_64-fedora-gcc, r-devel-macos-arm64, r-devel-macos-x86_64, r-devel-windows-x86_64, r-patched-linux-x86_64, r-release-linux-x86_64, r-release-macos-arm64, r-release-macos-x86_64, r-release-windows-x86_64, r-oldrel-macos-arm64, r-oldrel-macos-x86_64, r-oldrel-windows-x86_64
Version: 3.0.1
Check: Rd files
Result: NOTE
checkRd: (-1) Auxil.Rd:27: Lost braces in \itemize; \value handles \item{}{} directly
checkRd: (-1) Auxil.Rd:28: Lost braces in \itemize; \value handles \item{}{} directly
checkRd: (-1) Auxil.Rd:29: Lost braces in \itemize; \value handles \item{}{} directly
checkRd: (-1) Auxil.Rd:30: Lost braces in \itemize; \value handles \item{}{} directly
checkRd: (-1) Fit.Rd:39: Lost braces in \itemize; \value handles \item{}{} directly
checkRd: (-1) Fit.Rd:40: Lost braces in \itemize; \value handles \item{}{} directly
checkRd: (-1) Fit.Rd:41: Lost braces in \itemize; \value handles \item{}{} directly
checkRd: (-1) Fit.Rd:42: Lost braces in \itemize; \value handles \item{}{} directly
checkRd: (-1) Fit.Rd:43: Lost braces in \itemize; \value handles \item{}{} directly
checkRd: (-1) Predict.Rd:21: Lost braces in \itemize; \value handles \item{}{} directly
checkRd: (-1) Predict.Rd:22: Lost braces in \itemize; \value handles \item{}{} directly
checkRd: (-1) Predict.Rd:23: Lost braces in \itemize; \value handles \item{}{} directly
Flavors: r-devel-linux-x86_64-debian-clang, r-devel-linux-x86_64-debian-gcc, r-devel-linux-x86_64-fedora-clang, r-devel-linux-x86_64-fedora-gcc, r-devel-macos-arm64, r-devel-macos-x86_64, r-devel-windows-x86_64, r-patched-linux-x86_64, r-release-linux-x86_64, r-release-macos-arm64, r-release-macos-x86_64, r-release-windows-x86_64
These binaries (installable software) and packages are in development.
They may not be fully stable and should be used with caution. We make no claims about them.