CRAN Package Check Results for Package GPRMortality

Last updated on 2025-10-23 17:50:49 CEST.

Flavor Version Tinstall Tcheck Ttotal Status Flags
r-devel-linux-x86_64-debian-clang 0.1.0 21.44 111.49 132.93 NOTE
r-devel-linux-x86_64-debian-gcc 0.1.0 16.63 82.91 99.54 NOTE
r-devel-linux-x86_64-fedora-clang 0.1.0 46.00 153.27 199.27 OK
r-devel-linux-x86_64-fedora-gcc 0.1.0 49.00 151.52 200.52 OK
r-devel-windows-x86_64 0.1.0 17.00 108.00 125.00 OK
r-patched-linux-x86_64 0.1.0 23.75 107.96 131.71 OK
r-release-linux-x86_64 0.1.0 19.63 108.75 128.38 OK
r-release-macos-arm64 0.1.0 6.00 39.00 45.00 OK
r-release-macos-x86_64 0.1.0 10.00 71.00 81.00 OK
r-release-windows-x86_64 0.1.0 17.00 102.00 119.00 OK
r-oldrel-macos-arm64 0.1.0 5.00 39.00 44.00 OK
r-oldrel-macos-x86_64 0.1.0 13.00 80.00 93.00 OK
r-oldrel-windows-x86_64 0.1.0 22.00 128.00 150.00 OK

Check Details

Version: 0.1.0
Check: CRAN incoming feasibility
Result: NOTE Maintainer: ‘Ali Ghanbari <a.ghanbari541@gmail.com>’ No Authors@R field in DESCRIPTION. Please add one, modifying Authors@R: c(person(given = "Parinaz", family = "Mehdipour", role = "aut", email = "mehdipoor.p@gmail.com"), person(given = "Ali", family = "Ghanbari", role = c("cre", "aut"), email = "a.ghanbari541@gmail.com"), person(given = "Iman", family = "Navidi", role = "aut", email = "iman.navidi.1988@gmail.com"), person(given = "Farshad", family = "Farzadfar", role = "cph", email = "farzadfar3@yahoo.com")) as necessary. Flavors: r-devel-linux-x86_64-debian-clang, r-devel-linux-x86_64-debian-gcc

These binaries (installable software) and packages are in development.
They may not be fully stable and should be used with caution. We make no claims about them.