Last updated on 2025-05-23 01:50:57 CEST.
Flavor | Version | Tinstall | Tcheck | Ttotal | Status | Flags |
---|---|---|---|---|---|---|
r-devel-linux-x86_64-debian-clang | 0.1.1 | 12.59 | 100.05 | 112.64 | OK | |
r-devel-linux-x86_64-debian-gcc | 0.1.1 | 8.94 | 70.15 | 79.09 | OK | |
r-devel-linux-x86_64-fedora-clang | 0.1.1 | 172.00 | OK | |||
r-devel-linux-x86_64-fedora-gcc | 0.1.1 | 161.36 | OK | |||
r-devel-windows-x86_64 | 0.1.1 | 11.00 | 101.00 | 112.00 | OK | |
r-patched-linux-x86_64 | 0.1.1 | 11.51 | 91.52 | 103.03 | OK | |
r-release-linux-x86_64 | 0.1.1 | 10.27 | 91.26 | 101.53 | OK | |
r-release-macos-arm64 | 0.1.1 | 43.00 | OK | |||
r-release-macos-x86_64 | 0.1.1 | 80.00 | OK | |||
r-release-windows-x86_64 | 0.1.1 | 12.00 | 99.00 | 111.00 | OK | |
r-oldrel-macos-arm64 | 0.1.1 | 47.00 | NOTE | |||
r-oldrel-macos-x86_64 | 0.1.1 | 84.00 | NOTE | |||
r-oldrel-windows-x86_64 | 0.1.1 | 16.00 | 122.00 | 138.00 | NOTE |
Version: 0.1.1
Check: LazyData
Result: NOTE
'LazyData' is specified without a 'data' directory
Flavors: r-oldrel-macos-arm64, r-oldrel-macos-x86_64, r-oldrel-windows-x86_64
These binaries (installable software) and packages are in development.
They may not be fully stable and should be used with caution. We make no claims about them.