Last updated on 2025-07-12 19:50:01 CEST.
Flavor | Version | Tinstall | Tcheck | Ttotal | Status | Flags |
---|---|---|---|---|---|---|
r-devel-linux-x86_64-debian-clang | 0.1.1 | 11.84 | 101.57 | 113.41 | OK | |
r-devel-linux-x86_64-debian-gcc | 0.1.1 | 8.13 | 67.98 | 76.11 | OK | |
r-devel-linux-x86_64-fedora-clang | 0.1.1 | 171.52 | OK | |||
r-devel-linux-x86_64-fedora-gcc | 0.1.1 | 156.55 | OK | |||
r-devel-windows-x86_64 | 0.1.1 | 12.00 | 94.00 | 106.00 | OK | |
r-patched-linux-x86_64 | 0.1.1 | 12.59 | 93.05 | 105.64 | OK | |
r-release-linux-x86_64 | 0.1.1 | 10.15 | 92.85 | 103.00 | OK | |
r-release-macos-arm64 | 0.1.1 | 43.00 | OK | |||
r-release-macos-x86_64 | 0.1.1 | 80.00 | OK | |||
r-release-windows-x86_64 | 0.1.1 | 12.00 | 95.00 | 107.00 | OK | |
r-oldrel-macos-arm64 | 0.1.1 | 47.00 | NOTE | |||
r-oldrel-macos-x86_64 | 0.1.1 | 84.00 | NOTE | |||
r-oldrel-windows-x86_64 | 0.1.1 | 16.00 | 122.00 | 138.00 | NOTE |
Version: 0.1.1
Check: LazyData
Result: NOTE
'LazyData' is specified without a 'data' directory
Flavors: r-oldrel-macos-arm64, r-oldrel-macos-x86_64, r-oldrel-windows-x86_64
These binaries (installable software) and packages are in development.
They may not be fully stable and should be used with caution. We make no claims about them.