CRAN Package Check Results for Package GPSeqClus

Last updated on 2025-07-02 03:50:42 CEST.

Flavor Version Tinstall Tcheck Ttotal Status Flags
r-devel-linux-x86_64-debian-clang 1.4.0 10.05 71.80 81.85 NOTE
r-devel-linux-x86_64-debian-gcc 1.4.0 7.44 59.73 67.17 NOTE
r-devel-linux-x86_64-fedora-clang 1.4.0 122.33 OK
r-devel-linux-x86_64-fedora-gcc 1.4.0 125.74 OK
r-devel-windows-x86_64 1.4.0 10.00 72.00 82.00 OK
r-patched-linux-x86_64 OK
r-release-linux-x86_64 1.4.0 8.37 60.93 69.30 OK
r-release-macos-arm64 1.4.0 61.00 OK
r-release-macos-x86_64 1.4.0 67.00 OK
r-release-windows-x86_64 1.4.0 11.00 73.00 84.00 OK
r-oldrel-macos-arm64 1.4.0 40.00 OK
r-oldrel-macos-x86_64 1.4.0 54.00 OK
r-oldrel-windows-x86_64 1.4.0 13.00 88.00 101.00 OK

Check Details

Version: 1.4.0
Check: CRAN incoming feasibility
Result: NOTE Maintainer: ‘Justin Clapp <justin.clapp@wyo.gov>’ No Authors@R field in DESCRIPTION. Please add one, modifying Authors@R: c(person(family = "Clapp", role = "aut"), person(given = "J.", family = "G.", role = "aut"), person(given = "Justin", family = "Clapp", role = "cre", email = "justin.clapp@wyo.gov")) as necessary. Flavors: r-devel-linux-x86_64-debian-clang, r-devel-linux-x86_64-debian-gcc

These binaries (installable software) and packages are in development.
They may not be fully stable and should be used with caution. We make no claims about them.