CRAN Package Check Results for Package GPSeqClus

Last updated on 2025-10-24 13:49:39 CEST.

Flavor Version Tinstall Tcheck Ttotal Status Flags
r-devel-linux-x86_64-debian-clang 1.4.0 9.31 71.54 80.85 NOTE
r-devel-linux-x86_64-debian-gcc 1.4.0 7.69 61.37 69.06 NOTE
r-devel-linux-x86_64-fedora-clang 1.4.0 22.00 100.96 122.96 OK
r-devel-linux-x86_64-fedora-gcc 1.4.0 25.00 99.77 124.77 OK
r-devel-windows-x86_64 1.4.0 10.00 70.00 80.00 OK
r-patched-linux-x86_64 1.4.0 8.38 63.14 71.52 OK
r-release-linux-x86_64 1.4.0 8.29 62.50 70.79 OK
r-release-macos-arm64 1.4.0 9.00 52.00 61.00 OK
r-release-macos-x86_64 1.4.0 8.00 59.00 67.00 OK
r-release-windows-x86_64 1.4.0 10.00 73.00 83.00 OK
r-oldrel-macos-arm64 1.4.0 5.00 35.00 40.00 OK
r-oldrel-macos-x86_64 1.4.0 7.00 47.00 54.00 OK
r-oldrel-windows-x86_64 1.4.0 14.00 88.00 102.00 OK

Check Details

Version: 1.4.0
Check: CRAN incoming feasibility
Result: NOTE Maintainer: ‘Justin Clapp <justin.clapp@wyo.gov>’ No Authors@R field in DESCRIPTION. Please add one, modifying Authors@R: c(person(family = "Clapp", role = "aut"), person(given = "J.", family = "G.", role = "aut"), person(given = "Justin", family = "Clapp", role = "cre", email = "justin.clapp@wyo.gov")) as necessary. Flavors: r-devel-linux-x86_64-debian-clang, r-devel-linux-x86_64-debian-gcc

These binaries (installable software) and packages are in development.
They may not be fully stable and should be used with caution. We make no claims about them.