Last updated on 2025-05-02 06:49:35 CEST.
Flavor | Version | Tinstall | Tcheck | Ttotal | Status | Flags |
---|---|---|---|---|---|---|
r-devel-linux-x86_64-debian-clang | 1.0.2 | 16.76 | 109.03 | 125.79 | NOTE | |
r-devel-linux-x86_64-debian-gcc | 1.0.2 | 9.61 | 79.01 | 88.62 | NOTE | |
r-devel-linux-x86_64-fedora-clang | 1.0.2 | 204.89 | OK | |||
r-devel-linux-x86_64-fedora-gcc | 1.0.2 | 204.50 | OK | |||
r-devel-windows-x86_64 | 1.0.2 | 21.00 | 132.00 | 153.00 | NOTE | |
r-patched-linux-x86_64 | 1.0.2 | 15.98 | 103.21 | 119.19 | NOTE | |
r-release-linux-x86_64 | NOTE | |||||
r-release-macos-arm64 | 1.0.2 | 68.00 | OK | |||
r-release-macos-x86_64 | 1.0.2 | 132.00 | OK | |||
r-release-windows-x86_64 | 1.0.2 | 21.00 | 133.00 | 154.00 | NOTE | |
r-oldrel-macos-arm64 | 1.0.2 | 54.00 | OK | |||
r-oldrel-macos-x86_64 | 1.0.2 | 87.00 | OK | |||
r-oldrel-windows-x86_64 | 1.0.2 | 26.00 | 167.00 | 193.00 | OK |
Version: 1.0.2
Check: Rd cross-references
Result: NOTE
Found the following Rd file(s) with Rd \link{} targets missing package
anchors:
LR_GradientConjugate_gpumatrix.Rd: Matrix-class
gpu.matrix-class.Rd: Matrix-class
gpu.matrix.Rd: Matrix-class
matrix-product.Rd: %&%
Please provide package anchors for all Rd \link{} targets not in the
package itself and the base packages.
Flavors: r-devel-linux-x86_64-debian-clang, r-devel-linux-x86_64-debian-gcc, r-devel-windows-x86_64, r-patched-linux-x86_64, r-release-linux-x86_64, r-release-windows-x86_64
These binaries (installable software) and packages are in development.
They may not be fully stable and should be used with caution. We make no claims about them.