Last updated on 2025-05-01 14:49:11 CEST.
Flavor | Version | Tinstall | Tcheck | Ttotal | Status | Flags |
---|---|---|---|---|---|---|
r-devel-linux-x86_64-debian-clang | 1.0-9 | 2.88 | 48.26 | 51.14 | NOTE | |
r-devel-linux-x86_64-debian-gcc | 1.0-9 | 2.18 | 34.34 | 36.52 | OK | |
r-devel-linux-x86_64-fedora-clang | 1.0-9 | 82.32 | OK | |||
r-devel-linux-x86_64-fedora-gcc | 1.0-9 | 76.75 | OK | |||
r-devel-windows-x86_64 | 1.0-9 | 4.00 | 70.00 | 74.00 | OK | |
r-patched-linux-x86_64 | 1.0-9 | 3.00 | 45.94 | 48.94 | OK | |
r-release-linux-x86_64 | OK | |||||
r-release-macos-arm64 | 1.0-9 | 53.00 | OK | |||
r-release-macos-x86_64 | 1.0-9 | 72.00 | OK | |||
r-release-windows-x86_64 | 1.0-9 | 4.00 | 69.00 | 73.00 | OK | |
r-oldrel-macos-arm64 | 1.0-9 | 46.00 | OK | |||
r-oldrel-macos-x86_64 | 1.0-9 | 66.00 | OK | |||
r-oldrel-windows-x86_64 | 1.0-9 | 5.00 | 80.00 | 85.00 | OK |
Version: 1.0-9
Check: examples
Result: NOTE
Examples with CPU (user + system) or elapsed time > 5s
user system elapsed
plot 5.368 0.042 7.655
Flavor: r-devel-linux-x86_64-debian-clang
These binaries (installable software) and packages are in development.
They may not be fully stable and should be used with caution. We make no claims about them.