Last updated on 2025-02-16 10:50:47 CET.
Flavor | Version | Tinstall | Tcheck | Ttotal | Status | Flags |
---|---|---|---|---|---|---|
r-devel-linux-x86_64-debian-clang | 1.4 | 8.49 | 577.46 | 585.95 | OK | |
r-devel-linux-x86_64-debian-gcc | 1.4 | 6.32 | 356.20 | 362.52 | OK | |
r-devel-linux-x86_64-fedora-clang | 1.4 | 1037.68 | OK | |||
r-devel-linux-x86_64-fedora-gcc | 1.4 | 954.66 | OK | |||
r-devel-macos-arm64 | 1.4 | 230.00 | OK | |||
r-devel-macos-x86_64 | 1.4 | 453.00 | OK | |||
r-devel-windows-x86_64 | 1.4 | 11.00 | 132.00 | 143.00 | OK | --no-vignettes |
r-patched-linux-x86_64 | 1.4 | 9.71 | 547.78 | 557.49 | OK | |
r-release-linux-x86_64 | 1.4 | 8.67 | 540.46 | 549.13 | OK | |
r-release-macos-arm64 | 1.4 | 216.00 | NOTE | |||
r-release-macos-x86_64 | 1.4 | 393.00 | NOTE | |||
r-release-windows-x86_64 | 1.4 | 11.00 | 136.00 | 147.00 | NOTE | --no-vignettes |
r-oldrel-macos-arm64 | 1.4 | 212.00 | NOTE | |||
r-oldrel-macos-x86_64 | 1.4 | 551.00 | NOTE | |||
r-oldrel-windows-x86_64 | 1.4 | 14.00 | 145.00 | 159.00 | NOTE | --no-vignettes |
Version: 1.4
Check: installed package size
Result: NOTE
installed size is 5.2Mb
sub-directories of 1Mb or more:
data 1.4Mb
doc 3.5Mb
Flavors: r-release-macos-arm64, r-release-macos-x86_64, r-oldrel-macos-arm64, r-oldrel-macos-x86_64
Version: 1.4
Flags: --no-vignettes
Check: installed package size
Result: NOTE
installed size is 5.2Mb
sub-directories of 1Mb or more:
data 1.4Mb
doc 3.5Mb
Flavors: r-release-windows-x86_64, r-oldrel-windows-x86_64
These binaries (installable software) and packages are in development.
They may not be fully stable and should be used with caution. We make no claims about them.