Last updated on 2025-07-19 13:50:13 CEST.
Flavor | Version | Tinstall | Tcheck | Ttotal | Status | Flags |
---|---|---|---|---|---|---|
r-devel-linux-x86_64-debian-clang | 1.4 | 7.63 | 580.79 | 588.42 | OK | |
r-devel-linux-x86_64-debian-gcc | 1.4 | 5.59 | 370.82 | 376.41 | OK | |
r-devel-linux-x86_64-fedora-clang | 1.4 | 949.94 | OK | |||
r-devel-linux-x86_64-fedora-gcc | 1.4 | 889.07 | OK | |||
r-devel-windows-x86_64 | 1.4 | 12.00 | 138.00 | 150.00 | OK | --no-vignettes |
r-patched-linux-x86_64 | 1.4 | 8.85 | 544.66 | 553.51 | OK | |
r-release-linux-x86_64 | 1.4 | 8.04 | 544.03 | 552.07 | OK | |
r-release-macos-arm64 | 1.4 | 309.00 | OK | |||
r-release-macos-x86_64 | 1.4 | 469.00 | OK | |||
r-release-windows-x86_64 | 1.4 | 10.00 | 137.00 | 147.00 | OK | --no-vignettes |
r-oldrel-macos-arm64 | 1.4 | 216.00 | NOTE | |||
r-oldrel-macos-x86_64 | 1.4 | 393.00 | NOTE | |||
r-oldrel-windows-x86_64 | 1.4 | 13.00 | 155.00 | 168.00 | NOTE | --no-vignettes |
Version: 1.4
Check: installed package size
Result: NOTE
installed size is 5.2Mb
sub-directories of 1Mb or more:
data 1.4Mb
doc 3.5Mb
Flavors: r-oldrel-macos-arm64, r-oldrel-macos-x86_64
Version: 1.4
Flags: --no-vignettes
Check: installed package size
Result: NOTE
installed size is 5.2Mb
sub-directories of 1Mb or more:
data 1.4Mb
doc 3.5Mb
Flavor: r-oldrel-windows-x86_64
These binaries (installable software) and packages are in development.
They may not be fully stable and should be used with caution. We make no claims about them.