Last updated on 2025-11-21 07:49:37 CET.
| Flavor | Version | Tinstall | Tcheck | Ttotal | Status | Flags |
|---|---|---|---|---|---|---|
| r-devel-linux-x86_64-debian-clang | 1.0.0 | 26.96 | 33.41 | 60.37 | OK | |
| r-devel-linux-x86_64-debian-gcc | 1.0.0 | 21.11 | 25.90 | 47.01 | OK | |
| r-devel-linux-x86_64-fedora-clang | 1.0.0 | 70.00 | 32.54 | 102.54 | OK | |
| r-devel-linux-x86_64-fedora-gcc | 1.0.0 | 58.00 | 44.75 | 102.75 | OK | |
| r-devel-windows-x86_64 | 0.1.0 | 20.00 | 65.00 | 85.00 | OK | |
| r-patched-linux-x86_64 | 1.0.0 | 26.84 | 30.51 | 57.35 | OK | |
| r-release-linux-x86_64 | 0.1.0 | 17.19 | 31.28 | 48.47 | OK | |
| r-release-macos-arm64 | 0.1.0 | 7.00 | 7.00 | 14.00 | OK | |
| r-release-macos-x86_64 | 1.0.0 | 13.00 | 40.00 | 53.00 | OK | |
| r-release-windows-x86_64 | 0.1.0 | 18.00 | 70.00 | 88.00 | OK | |
| r-oldrel-macos-arm64 | 1.0.0 | 0.00 | 10.00 | 10.00 | ERROR | |
| r-oldrel-macos-x86_64 | 1.0.0 | 24.00 | 53.00 | 77.00 | OK | |
| r-oldrel-windows-x86_64 | 0.1.0 | 22.00 | 85.00 | 107.00 | OK |
Version: 1.0.0
Check: whether package can be installed
Result: ERROR
Installation failed.
Flavor: r-oldrel-macos-arm64
These binaries (installable software) and packages are in development.
They may not be fully stable and should be used with caution. We make no claims about them.