Last updated on 2025-05-01 12:49:30 CEST.
Flavor | Version | Tinstall | Tcheck | Ttotal | Status | Flags |
---|---|---|---|---|---|---|
r-devel-linux-x86_64-debian-clang | 0.2.1 | 11.36 | 138.25 | 149.61 | NOTE | |
r-devel-linux-x86_64-debian-gcc | 0.2.1 | 7.72 | 99.19 | 106.91 | NOTE | |
r-devel-linux-x86_64-fedora-clang | 0.2.1 | 244.95 | NOTE | |||
r-devel-linux-x86_64-fedora-gcc | 0.2.1 | 250.63 | NOTE | |||
r-devel-windows-x86_64 | 0.2.1 | 12.00 | 179.00 | 191.00 | NOTE | |
r-patched-linux-x86_64 | 0.2.1 | 10.74 | 130.65 | 141.39 | NOTE | |
r-release-linux-x86_64 | NOTE | |||||
r-release-macos-arm64 | 0.2.1 | 79.00 | NOTE | |||
r-release-macos-x86_64 | 0.2.1 | 127.00 | NOTE | |||
r-release-windows-x86_64 | 0.2.1 | 13.00 | 180.00 | 193.00 | NOTE | |
r-oldrel-macos-arm64 | 0.2.1 | 65.00 | NOTE | |||
r-oldrel-macos-x86_64 | 0.2.1 | 99.00 | NOTE | |||
r-oldrel-windows-x86_64 | 0.2.1 | 15.00 | 249.00 | 264.00 | NOTE |
Version: 0.2.1
Check: CRAN incoming feasibility
Result: NOTE
Maintainer: ‘Sophie Donnet <sophie.donnet@inrae.fr>’
The Description field contains
Bar-hen, Barbillon and Donnet (2020) <arXiv:1807.10138>.
Please refer to arXiv e-prints via their arXiv DOI <doi:10.48550/arXiv.YYMM.NNNNN>.
Flavors: r-devel-linux-x86_64-debian-clang, r-devel-linux-x86_64-debian-gcc
Version: 0.2.1
Check: Rd files
Result: NOTE
checkRd: (-1) GREMLINS.Rd:11: Lost braces in \itemize; meant \describe ?
checkRd: (-1) GREMLINS.Rd:12: Lost braces in \itemize; meant \describe ?
checkRd: (-1) GREMLINS.Rd:13: Lost braces in \itemize; meant \describe ?
checkRd: (-1) GREMLINS.Rd:14: Lost braces in \itemize; meant \describe ?
checkRd: (-1) GREMLINS.Rd:20: Lost braces in \itemize; meant \describe ?
checkRd: (-1) GREMLINS.Rd:21: Lost braces in \itemize; meant \describe ?
checkRd: (-1) GREMLINS.Rd:22: Lost braces in \itemize; meant \describe ?
checkRd: (-1) GREMLINS.Rd:23: Lost braces in \itemize; meant \describe ?
Flavors: r-devel-linux-x86_64-debian-clang, r-devel-linux-x86_64-debian-gcc, r-devel-linux-x86_64-fedora-clang, r-devel-linux-x86_64-fedora-gcc, r-devel-windows-x86_64, r-patched-linux-x86_64, r-release-linux-x86_64, r-release-macos-arm64, r-release-macos-x86_64, r-release-windows-x86_64, r-oldrel-macos-arm64, r-oldrel-macos-x86_64, r-oldrel-windows-x86_64
These binaries (installable software) and packages are in development.
They may not be fully stable and should be used with caution. We make no claims about them.