CRAN Package Check Results for Package GRelevance

Last updated on 2025-07-02 03:50:42 CEST.

Flavor Version Tinstall Tcheck Ttotal Status Flags
r-devel-linux-x86_64-debian-clang 1.0 2.31 24.58 26.89 NOTE
r-devel-linux-x86_64-debian-gcc 1.0 2.04 19.65 21.69 NOTE
r-devel-linux-x86_64-fedora-clang 1.0 41.62 OK
r-devel-linux-x86_64-fedora-gcc 1.0 39.39 OK
r-devel-windows-x86_64 1.0 3.00 43.00 46.00 OK
r-patched-linux-x86_64 OK
r-release-linux-x86_64 1.0 2.54 23.25 25.79 OK
r-release-macos-arm64 1.0 21.00 OK
r-release-macos-x86_64 1.0 38.00 OK
r-release-windows-x86_64 1.0 4.00 44.00 48.00 OK
r-oldrel-macos-arm64 1.0 18.00 OK
r-oldrel-macos-x86_64 1.0 26.00 OK
r-oldrel-windows-x86_64 1.0 5.00 50.00 55.00 OK

Check Details

Version: 1.0
Check: CRAN incoming feasibility
Result: NOTE Maintainer: ‘Xiaoping Shi <xiaoping.shi@ubc.ca>’ The Description field contains <arXiv:2107.00728>. Please refer to arXiv e-prints via their arXiv DOI <doi:10.48550/arXiv.YYMM.NNNNN>. Flavors: r-devel-linux-x86_64-debian-clang, r-devel-linux-x86_64-debian-gcc

These binaries (installable software) and packages are in development.
They may not be fully stable and should be used with caution. We make no claims about them.