CRAN Package Check Results for Package GSA

Last updated on 2025-10-03 13:49:36 CEST.

Flavor Version Tinstall Tcheck Ttotal Status Flags
r-devel-linux-x86_64-debian-clang 1.03.3 2.79 27.22 30.01 NOTE
r-devel-linux-x86_64-debian-gcc 1.03.3 2.13 20.82 22.95 NOTE
r-devel-linux-x86_64-fedora-clang 1.03.3 44.99 OK
r-devel-linux-x86_64-fedora-gcc 1.03.3 48.71 OK
r-devel-windows-x86_64 1.03.3 5.00 46.00 51.00 OK
r-patched-linux-x86_64 1.03.3 3.00 25.43 28.43 OK
r-release-linux-x86_64 1.03.3 2.25 25.52 27.77 OK
r-release-macos-arm64 1.03.3 16.00 OK
r-release-macos-x86_64 1.03.3 31.00 OK
r-release-windows-x86_64 1.03.3 4.00 45.00 49.00 OK
r-oldrel-macos-arm64 1.03.3 18.00 OK
r-oldrel-macos-x86_64 1.03.3 24.00 OK
r-oldrel-windows-x86_64 1.03.3 3.00 46.00 49.00 OK

Check Details

Version: 1.03.3
Check: CRAN incoming feasibility
Result: NOTE Maintainer: ‘Rob Tibshirani <tibs@stat.stanford.edu>’ No Authors@R field in DESCRIPTION. Please add one, modifying Authors@R: c(person(given = "Brad", family = "Efron", role = "aut"), person(given = "R.", family = "Tibshirani", role = "aut"), person(given = "Rob", family = "Tibshirani", role = "cre", email = "tibs@stat.stanford.edu")) as necessary. Flavors: r-devel-linux-x86_64-debian-clang, r-devel-linux-x86_64-debian-gcc

These binaries (installable software) and packages are in development.
They may not be fully stable and should be used with caution. We make no claims about them.