Last updated on 2025-10-30 23:50:10 CET.
| Flavor | Version | Tinstall | Tcheck | Ttotal | Status | Flags | 
|---|---|---|---|---|---|---|
| r-devel-linux-x86_64-debian-clang | 1.3.2 | 2.48 | 138.12 | 140.60 | NOTE | |
| r-devel-linux-x86_64-debian-gcc | 1.3.2 | 2.19 | 91.50 | 93.69 | NOTE | |
| r-devel-linux-x86_64-fedora-clang | 1.3.2 | 231.34 | OK | |||
| r-devel-linux-x86_64-fedora-gcc | 1.3.2 | 227.34 | OK | |||
| r-devel-windows-x86_64 | 1.3.2 | 4.00 | 221.00 | 225.00 | OK | |
| r-patched-linux-x86_64 | 1.3.2 | 2.82 | 132.39 | 135.21 | OK | |
| r-release-linux-x86_64 | 1.3.2 | 2.75 | 134.53 | 137.28 | OK | |
| r-release-macos-arm64 | 1.3.2 | 2.00 | 64.00 | 66.00 | OK | |
| r-release-macos-x86_64 | 1.3.2 | 3.00 | 121.00 | 124.00 | OK | |
| r-release-windows-x86_64 | 1.3.2 | 3.00 | 225.00 | 228.00 | OK | |
| r-oldrel-macos-arm64 | 1.3.2 | 1.00 | 63.00 | 64.00 | OK | |
| r-oldrel-macos-x86_64 | 1.3.2 | 2.00 | 99.00 | 101.00 | OK | |
| r-oldrel-windows-x86_64 | 1.3.2 | 5.00 | 257.00 | 262.00 | OK | 
Version: 1.3.2
Check: CRAN incoming feasibility
Result: NOTE
  Maintainer: ‘Sergio Venturini <sergio.venturini@unibocconi.it>’
  
  No Authors@R field in DESCRIPTION.
  Please add one, modifying
    Authors@R: person(given = "Sergio",
                      family = "Venturini",
                      role = c("aut", "cre"),
                      email = "sergio.venturini@unibocconi.it")
  as necessary.
Flavors: r-devel-linux-x86_64-debian-clang, r-devel-linux-x86_64-debian-gcc
These binaries (installable software) and packages are in development.
They may not be fully stable and should be used with caution. We make no claims about them.