Last updated on 2025-11-24 15:49:53 CET.
| Flavor | Version | Tinstall | Tcheck | Ttotal | Status | Flags |
|---|---|---|---|---|---|---|
| r-devel-linux-x86_64-debian-clang | 1.3.2 | 2.71 | 139.78 | 142.49 | NOTE | |
| r-devel-linux-x86_64-debian-gcc | 1.3.2 | 2.12 | 92.32 | 94.44 | NOTE | |
| r-devel-linux-x86_64-fedora-clang | 1.3.2 | 227.61 | OK | |||
| r-devel-linux-x86_64-fedora-gcc | 1.3.2 | 227.94 | OK | |||
| r-devel-windows-x86_64 | 1.3.2 | 7.00 | 226.00 | 233.00 | OK | |
| r-patched-linux-x86_64 | 1.3.2 | 2.82 | 139.53 | 142.35 | OK | |
| r-release-linux-x86_64 | 1.3.2 | 3.05 | 133.00 | 136.05 | OK | |
| r-release-macos-arm64 | 1.3.2 | OK | ||||
| r-release-macos-x86_64 | 1.3.2 | 3.00 | 121.00 | 124.00 | OK | |
| r-release-windows-x86_64 | 1.3.2 | 4.00 | 235.00 | 239.00 | OK | |
| r-oldrel-macos-arm64 | 1.3.2 | OK | ||||
| r-oldrel-macos-x86_64 | 1.3.2 | 2.00 | 99.00 | 101.00 | OK | |
| r-oldrel-windows-x86_64 | 1.3.2 | 4.00 | 249.00 | 253.00 | OK |
Version: 1.3.2
Check: CRAN incoming feasibility
Result: NOTE
Maintainer: ‘Sergio Venturini <sergio.venturini@unibocconi.it>’
No Authors@R field in DESCRIPTION.
Please add one, modifying
Authors@R: person(given = "Sergio",
family = "Venturini",
role = c("aut", "cre"),
email = "sergio.venturini@unibocconi.it")
as necessary.
Flavors: r-devel-linux-x86_64-debian-clang, r-devel-linux-x86_64-debian-gcc
These binaries (installable software) and packages are in development.
They may not be fully stable and should be used with caution. We make no claims about them.