CRAN Package Check Results for Package GSSE

Last updated on 2025-07-02 03:50:42 CEST.

Flavor Version Tinstall Tcheck Ttotal Status Flags
r-devel-linux-x86_64-debian-clang 0.1 2.74 38.04 40.78 NOTE
r-devel-linux-x86_64-debian-gcc 0.1 2.00 27.11 29.11 NOTE
r-devel-linux-x86_64-fedora-clang 0.1 63.91 OK
r-devel-linux-x86_64-fedora-gcc 0.1 60.17 OK
r-devel-windows-x86_64 0.1 4.00 62.00 66.00 OK
r-patched-linux-x86_64 OK
r-release-linux-x86_64 0.1 2.44 35.84 38.28 OK
r-release-macos-arm64 0.1 23.00 OK
r-release-macos-x86_64 0.1 38.00 OK
r-release-windows-x86_64 0.1 4.00 61.00 65.00 OK
r-oldrel-macos-arm64 0.1 22.00 OK
r-oldrel-macos-x86_64 0.1 32.00 OK
r-oldrel-windows-x86_64 0.1 5.00 73.00 78.00 OK

Check Details

Version: 0.1
Check: CRAN incoming feasibility
Result: NOTE Maintainer: ‘Baosheng Liang <liangbsunc@gmail.com>’ No Authors@R field in DESCRIPTION. Please add one, modifying Authors@R: c(person(given = "Baosheng", family = "Liang", role = c("aut", "cre"), email = "liangbsunc@gmail.com"), person(given = "Yuanjia", family = "Wang", role = "aut"), person(given = "Donglin", family = "Zeng", role = "aut")) as necessary. Flavors: r-devel-linux-x86_64-debian-clang, r-devel-linux-x86_64-debian-gcc

These binaries (installable software) and packages are in development.
They may not be fully stable and should be used with caution. We make no claims about them.