Last updated on 2025-07-04 21:50:08 CEST.
Flavor | Version | Tinstall | Tcheck | Ttotal | Status | Flags |
---|---|---|---|---|---|---|
r-devel-linux-x86_64-debian-clang | 1.0.0 | 18.05 | 226.98 | 245.03 | OK | |
r-devel-linux-x86_64-debian-gcc | 1.0.0 | 13.86 | 155.17 | 169.03 | OK | |
r-devel-linux-x86_64-fedora-clang | 1.0.0 | 357.28 | NOTE | |||
r-devel-linux-x86_64-fedora-gcc | 1.0.0 | 375.57 | NOTE | |||
r-devel-windows-x86_64 | 1.0.0 | 22.00 | 199.00 | 221.00 | OK | |
r-patched-linux-x86_64 | 1.0.0 | 18.84 | 216.91 | 235.75 | OK | |
r-release-linux-x86_64 | 1.0.0 | 16.77 | 214.61 | 231.38 | OK | |
r-release-macos-arm64 | 1.0.0 | 106.00 | OK | |||
r-release-macos-x86_64 | 1.0.0 | 242.00 | OK | |||
r-release-windows-x86_64 | 1.0.0 | 18.00 | 199.00 | 217.00 | OK | |
r-oldrel-macos-arm64 | 1.0.0 | 125.00 | OK | |||
r-oldrel-macos-x86_64 | 1.0.0 | 346.00 | OK | |||
r-oldrel-windows-x86_64 | 1.0.0 | 26.00 | 280.00 | 306.00 | OK |
Version: 1.0.0
Check: dependencies in R code
Result: NOTE
Namespace in Imports field not imported from: ‘devtools’
All declared Imports should be used.
Flavors: r-devel-linux-x86_64-fedora-clang, r-devel-linux-x86_64-fedora-gcc
These binaries (installable software) and packages are in development.
They may not be fully stable and should be used with caution. We make no claims about them.