Last updated on 2025-10-03 17:48:35 CEST.
Flavor | Version | Tinstall | Tcheck | Ttotal | Status | Flags |
---|---|---|---|---|---|---|
r-devel-linux-x86_64-debian-clang | 0.1.0 | 6.68 | 63.49 | 70.17 | NOTE | |
r-devel-linux-x86_64-debian-gcc | 0.1.0 | 5.77 | 47.86 | 53.63 | NOTE | |
r-devel-linux-x86_64-fedora-clang | 0.1.0 | 110.41 | OK | |||
r-devel-linux-x86_64-fedora-gcc | 0.1.0 | 113.47 | OK | |||
r-devel-windows-x86_64 | 0.1.0 | 8.00 | 74.00 | 82.00 | OK | |
r-patched-linux-x86_64 | 0.1.0 | 7.29 | 62.76 | 70.05 | OK | |
r-release-linux-x86_64 | 0.1.0 | 5.90 | 61.33 | 67.23 | OK | |
r-release-macos-arm64 | 0.1.0 | 36.00 | OK | |||
r-release-macos-x86_64 | 0.1.0 | 65.00 | OK | |||
r-release-windows-x86_64 | 0.1.0 | 8.00 | 183.00 | 191.00 | OK | |
r-oldrel-macos-arm64 | 0.1.0 | 35.00 | OK | |||
r-oldrel-macos-x86_64 | 0.1.0 | 49.00 | OK | |||
r-oldrel-windows-x86_64 | 0.1.0 | 11.00 | 88.00 | 99.00 | OK |
Version: 0.1.0
Check: CRAN incoming feasibility
Result: NOTE
Maintainer: ‘Sayanti Guha Majumdar <sayanti23gm@gmail.com>’
No Authors@R field in DESCRIPTION.
Please add one, modifying
Authors@R: c(person(given = c("Sayanti", "Guha"),
family = "Majumdar",
role = c("aut", "cre"),
email = "sayanti23gm@gmail.com"),
person(given = "Anil",
family = "Rai",
role = "aut"),
person(given = c("Dwijesh", "Chandra"),
family = "Mishra",
role = "aut"))
as necessary.
Flavors: r-devel-linux-x86_64-debian-clang, r-devel-linux-x86_64-debian-gcc
These binaries (installable software) and packages are in development.
They may not be fully stable and should be used with caution. We make no claims about them.