Last updated on 2025-02-19 18:51:06 CET.
Flavor | Version | Tinstall | Tcheck | Ttotal | Status | Flags |
---|---|---|---|---|---|---|
r-devel-linux-x86_64-debian-clang | 1.0.0 | 54.06 | 149.58 | 203.64 | NOTE | |
r-devel-linux-x86_64-debian-gcc | 1.0.0 | 36.41 | 100.37 | 136.78 | NOTE | |
r-devel-linux-x86_64-fedora-clang | 1.0.0 | 328.98 | NOTE | |||
r-devel-linux-x86_64-fedora-gcc | 1.0.0 | 320.90 | NOTE | |||
r-devel-macos-arm64 | 1.0.0 | 100.00 | OK | |||
r-devel-macos-x86_64 | 1.0.0 | 201.00 | NOTE | |||
r-devel-windows-x86_64 | 1.0.0 | 54.00 | 149.00 | 203.00 | NOTE | |
r-patched-linux-x86_64 | 1.0.0 | 53.40 | 137.32 | 190.72 | OK | |
r-release-linux-x86_64 | 1.0.0 | 50.17 | 138.45 | 188.62 | OK | |
r-release-macos-arm64 | 1.0.0 | 91.00 | OK | |||
r-release-macos-x86_64 | 1.0.0 | 173.00 | OK | |||
r-release-windows-x86_64 | 1.0.0 | 55.00 | 143.00 | 198.00 | OK | |
r-oldrel-macos-arm64 | 1.0.0 | 107.00 | OK | |||
r-oldrel-macos-x86_64 | 1.0.0 | 150.00 | OK | |||
r-oldrel-windows-x86_64 | 1.0.0 | 74.00 | 204.00 | 278.00 | OK |
Version: 1.0.0
Check: DESCRIPTION meta-information
Result: NOTE
Missing dependency on R >= 4.1.0 because package code uses the pipe
|> or function shorthand \(...) syntax added in R 4.1.0.
File(s) using such syntax:
‘get_shapes.R’
Flavors: r-devel-linux-x86_64-debian-clang, r-devel-linux-x86_64-debian-gcc, r-devel-linux-x86_64-fedora-clang, r-devel-linux-x86_64-fedora-gcc, r-devel-macos-x86_64, r-devel-windows-x86_64
These binaries (installable software) and packages are in development.
They may not be fully stable and should be used with caution. We make no claims about them.