Last updated on 2025-11-12 23:50:46 CET.
| Flavor | Version | Tinstall | Tcheck | Ttotal | Status | Flags |
|---|---|---|---|---|---|---|
| r-devel-linux-x86_64-debian-clang | 1.0.2 | 309.83 | 173.18 | 483.01 | OK | |
| r-devel-linux-x86_64-debian-gcc | 1.0.2 | 311.60 | 151.94 | 463.54 | OK | |
| r-devel-linux-x86_64-fedora-clang | 1.0.2 | 600.00 | 136.62 | 736.62 | OK | |
| r-devel-linux-x86_64-fedora-gcc | 1.0.2 | 1020.00 | -26.90 | 993.10 | OK | |
| r-devel-windows-x86_64 | 1.0.2 | 359.00 | 212.00 | 571.00 | OK | |
| r-patched-linux-x86_64 | 1.0.2 | 401.21 | 196.26 | 597.47 | OK | |
| r-release-linux-x86_64 | 1.0.2 | 400.09 | 198.36 | 598.45 | OK | |
| r-release-macos-arm64 | 1.0.2 | 123.00 | 66.00 | 189.00 | OK | |
| r-release-macos-x86_64 | 1.0.2 | 135.00 | 115.00 | 250.00 | OK | |
| r-release-windows-x86_64 | 1.0.2 | 377.00 | 208.00 | 585.00 | OK | |
| r-oldrel-macos-arm64 | 1.0.2 | 66.00 | 45.00 | 111.00 | NOTE | |
| r-oldrel-macos-x86_64 | 1.0.2 | 61.00 | 72.00 | 133.00 | NOTE | |
| r-oldrel-windows-x86_64 | 1.0.2 | 430.00 | 265.00 | 695.00 | NOTE |
Version: 1.0.2
Check: installed package size
Result: NOTE
installed size is 68.1Mb
sub-directories of 1Mb or more:
libs 67.2Mb
Flavors: r-oldrel-macos-arm64, r-oldrel-macos-x86_64
Version: 1.0.2
Check: for GNU extensions in Makefiles
Result: NOTE
GNU make is a SystemRequirements.
Flavors: r-oldrel-macos-arm64, r-oldrel-macos-x86_64, r-oldrel-windows-x86_64
These binaries (installable software) and packages are in development.
They may not be fully stable and should be used with caution. We make no claims about them.