Last updated on 2025-02-16 10:50:47 CET.
Flavor | Version | Tinstall | Tcheck | Ttotal | Status | Flags |
---|---|---|---|---|---|---|
r-devel-linux-x86_64-debian-clang | 1.0.2 | 307.18 | 153.63 | 460.81 | OK | |
r-devel-linux-x86_64-debian-gcc | 1.0.2 | 300.36 | 135.21 | 435.57 | OK | |
r-devel-linux-x86_64-fedora-clang | 1.0.2 | 796.39 | OK | |||
r-devel-linux-x86_64-fedora-gcc | 1.0.2 | 1057.79 | OK | |||
r-devel-macos-arm64 | 1.0.2 | 189.00 | OK | |||
r-devel-macos-x86_64 | 1.0.2 | 250.00 | OK | |||
r-devel-windows-x86_64 | 1.0.2 | 302.00 | 198.00 | 500.00 | OK | |
r-patched-linux-x86_64 | 1.0.2 | 394.76 | 177.99 | 572.75 | NOTE | |
r-release-linux-x86_64 | 1.0.2 | 395.47 | 177.50 | 572.97 | NOTE | |
r-release-macos-arm64 | 1.0.2 | 111.00 | NOTE | |||
r-release-macos-x86_64 | 1.0.2 | 133.00 | NOTE | |||
r-release-windows-x86_64 | 1.0.2 | 315.00 | 199.00 | 514.00 | NOTE | |
r-oldrel-macos-arm64 | 1.0.2 | 329.00 | NOTE | |||
r-oldrel-macos-x86_64 | 1.0.2 | 336.00 | NOTE | |||
r-oldrel-windows-x86_64 | 1.0.2 | 430.00 | 249.00 | 679.00 | NOTE |
Version: 1.0.2
Check: for GNU extensions in Makefiles
Result: NOTE
GNU make is a SystemRequirements.
Flavors: r-patched-linux-x86_64, r-release-linux-x86_64, r-release-macos-arm64, r-release-macos-x86_64, r-release-windows-x86_64, r-oldrel-macos-arm64, r-oldrel-macos-x86_64, r-oldrel-windows-x86_64
Version: 1.0.2
Check: installed package size
Result: NOTE
installed size is 68.1Mb
sub-directories of 1Mb or more:
libs 67.2Mb
Flavors: r-release-macos-arm64, r-release-macos-x86_64, r-oldrel-macos-arm64, r-oldrel-macos-x86_64
These binaries (installable software) and packages are in development.
They may not be fully stable and should be used with caution. We make no claims about them.