CRAN Package Check Results for Package GUD

Last updated on 2025-07-22 19:51:50 CEST.

Flavor Version Tinstall Tcheck Ttotal Status Flags
r-devel-linux-x86_64-debian-clang 1.0.2 322.55 157.98 480.53 OK
r-devel-linux-x86_64-debian-gcc 1.0.2 307.03 139.43 446.46 OK
r-devel-linux-x86_64-fedora-clang 1.0.2 718.24 OK
r-devel-linux-x86_64-fedora-gcc 1.0.2 952.35 OK
r-devel-windows-x86_64 1.0.2 359.00 204.00 563.00 OK
r-patched-linux-x86_64 1.0.2 391.47 183.75 575.22 OK
r-release-linux-x86_64 1.0.2 397.98 184.99 582.97 OK
r-release-macos-arm64 1.0.2 189.00 OK
r-release-macos-x86_64 1.0.2 250.00 OK
r-release-windows-x86_64 1.0.2 360.00 212.00 572.00 OK
r-oldrel-macos-arm64 1.0.2 111.00 NOTE
r-oldrel-macos-x86_64 1.0.2 133.00 NOTE
r-oldrel-windows-x86_64 1.0.2 411.00 263.00 674.00 NOTE

Check Details

Version: 1.0.2
Check: installed package size
Result: NOTE installed size is 68.1Mb sub-directories of 1Mb or more: libs 67.2Mb Flavors: r-oldrel-macos-arm64, r-oldrel-macos-x86_64

Version: 1.0.2
Check: for GNU extensions in Makefiles
Result: NOTE GNU make is a SystemRequirements. Flavors: r-oldrel-macos-arm64, r-oldrel-macos-x86_64, r-oldrel-windows-x86_64

These binaries (installable software) and packages are in development.
They may not be fully stable and should be used with caution. We make no claims about them.