Last updated on 2025-05-01 12:49:30 CEST.
Flavor | Version | Tinstall | Tcheck | Ttotal | Status | Flags |
---|---|---|---|---|---|---|
r-devel-linux-x86_64-debian-clang | 1.2.5 | 19.26 | 57.44 | 76.70 | NOTE | |
r-devel-linux-x86_64-debian-gcc | 1.2.5 | 14.22 | 44.74 | 58.96 | NOTE | |
r-devel-linux-x86_64-fedora-clang | 1.2.5 | 125.30 | OK | |||
r-devel-linux-x86_64-fedora-gcc | 1.2.5 | 141.11 | OK | |||
r-devel-windows-x86_64 | 1.2.5 | 23.00 | 93.00 | 116.00 | NOTE | |
r-patched-linux-x86_64 | 1.2.5 | 20.48 | 55.29 | 75.77 | NOTE | |
r-release-linux-x86_64 | NOTE | |||||
r-release-macos-arm64 | 1.2.5 | 46.00 | OK | |||
r-release-macos-x86_64 | 1.2.5 | 78.00 | OK | |||
r-release-windows-x86_64 | 1.2.5 | 23.00 | 95.00 | 118.00 | NOTE | |
r-oldrel-macos-arm64 | 1.2.5 | 41.00 | NOTE | |||
r-oldrel-macos-x86_64 | 1.2.5 | 64.00 | NOTE | |||
r-oldrel-windows-x86_64 | 1.2.5 | 26.00 | 107.00 | 133.00 | OK |
Version: 1.2.5
Check: CRAN incoming feasibility
Result: NOTE
Maintainer: ‘Oliver Jakoby <oliver.jakoby@rifcon.de>’
No Authors@R field in DESCRIPTION.
Please add one, modifying
Authors@R: c(person(given = "Carlo",
family = "Albert",
role = "aut",
email = "carlo.albert@eawag.ch"),
person(given = "Sören",
family = "Vogel",
role = "aut",
email = "soeren.vogel@posteo.ch"),
person(given = "Oliver",
family = "Jakoby",
role = c("aut", "cre"),
email = "oliver.jakoby@rifcon.de"),
person(given = "Alexander",
family = "Singer",
role = "aut",
email = "alexander.singer@rifcon.de"),
person(given = "Dirk",
family = "Nickisch",
role = "aut",
email = "dirk.nickisch@rifcon.de"))
as necessary.
Flavors: r-devel-linux-x86_64-debian-clang, r-devel-linux-x86_64-debian-gcc
Version: 1.2.5
Check: Rd cross-references
Result: NOTE
Found the following Rd file(s) with Rd \link{} targets missing package
anchors:
GUTS-package.Rd: Rcpp
Please provide package anchors for all Rd \link{} targets not in the
package itself and the base packages.
Flavors: r-devel-linux-x86_64-debian-clang, r-devel-linux-x86_64-debian-gcc, r-devel-windows-x86_64, r-patched-linux-x86_64, r-release-linux-x86_64, r-release-windows-x86_64
Version: 1.2.5
Check: installed package size
Result: NOTE
installed size is 5.4Mb
sub-directories of 1Mb or more:
extdata 2.5Mb
libs 2.3Mb
Flavors: r-oldrel-macos-arm64, r-oldrel-macos-x86_64
These binaries (installable software) and packages are in development.
They may not be fully stable and should be used with caution. We make no claims about them.