CRAN Package Check Results for Package GUTS

Last updated on 2025-10-03 17:48:35 CEST.

Flavor Version Tinstall Tcheck Ttotal Status Flags
r-devel-linux-x86_64-debian-clang 1.2.6 19.58 58.71 78.29 OK
r-devel-linux-x86_64-debian-gcc 1.2.6 13.79 46.87 60.66 OK
r-devel-linux-x86_64-fedora-clang 1.2.6 126.90 OK
r-devel-linux-x86_64-fedora-gcc 1.2.6 135.34 OK
r-devel-windows-x86_64 1.2.6 23.00 96.00 119.00 OK
r-patched-linux-x86_64 1.2.6 20.25 56.66 76.91 OK
r-release-linux-x86_64 1.2.6 19.64 56.68 76.32 OK
r-release-macos-arm64 1.2.6 196.00 OK
r-release-macos-x86_64 1.2.6 129.00 OK
r-release-windows-x86_64 1.2.6 24.00 94.00 118.00 OK
r-oldrel-macos-arm64 1.2.6 50.00 NOTE
r-oldrel-macos-x86_64 1.2.6 126.00 NOTE
r-oldrel-windows-x86_64 1.2.6 26.00 114.00 140.00 OK

Check Details

Version: 1.2.6
Check: installed package size
Result: NOTE installed size is 5.5Mb sub-directories of 1Mb or more: extdata 2.5Mb libs 2.5Mb Flavors: r-oldrel-macos-arm64, r-oldrel-macos-x86_64

These binaries (installable software) and packages are in development.
They may not be fully stable and should be used with caution. We make no claims about them.