CRAN Package Check Results for Package GUniFrac

Last updated on 2025-02-16 10:50:47 CET.

Flavor Version Tinstall Tcheck Ttotal Status Flags
r-devel-linux-x86_64-debian-clang 1.8 27.76 133.83 161.59 NOTE
r-devel-linux-x86_64-debian-gcc 1.8 20.16 92.82 112.98 NOTE
r-devel-linux-x86_64-fedora-clang 1.8 291.76 OK
r-devel-linux-x86_64-fedora-gcc 1.8 322.98 OK
r-devel-macos-arm64 1.8 79.00 OK
r-devel-macos-x86_64 1.8 248.00 OK
r-devel-windows-x86_64 1.8 32.00 168.00 200.00 NOTE
r-patched-linux-x86_64 1.8 32.83 121.67 154.50 OK
r-release-linux-x86_64 1.8 26.26 122.85 149.11 OK
r-release-macos-arm64 1.8 80.00 OK
r-release-macos-x86_64 1.8 115.00 OK
r-release-windows-x86_64 1.8 34.00 151.00 185.00 OK
r-oldrel-macos-arm64 1.8 107.00 OK
r-oldrel-macos-x86_64 1.8 181.00 OK
r-oldrel-windows-x86_64 1.8 41.00 187.00 228.00 OK

Check Details

Version: 1.8
Check: Rd cross-references
Result: NOTE Found the following Rd file(s) with Rd \link{} targets missing package anchors: adonis3.Rd: vegdist, permustats dmanova.Rd: vegdist, nearPD Please provide package anchors for all Rd \link{} targets not in the package itself and the base packages. Flavors: r-devel-linux-x86_64-debian-clang, r-devel-linux-x86_64-debian-gcc, r-devel-windows-x86_64

These binaries (installable software) and packages are in development.
They may not be fully stable and should be used with caution. We make no claims about them.