CRAN Package Check Results for Package GWASExactHW

Last updated on 2025-02-21 15:51:51 CET.

Flavor Version Tinstall Tcheck Ttotal Status Flags
r-devel-linux-x86_64-debian-clang 1.2 1.71 15.64 17.35 OK
r-devel-linux-x86_64-debian-gcc 1.2 1.73 12.88 14.61 OK
r-devel-linux-x86_64-fedora-clang 1.2 29.57 NOTE
r-devel-linux-x86_64-fedora-gcc 1.2 26.98 NOTE
r-devel-macos-arm64 1.2 14.00 OK
r-devel-macos-x86_64 1.2 22.00 OK
r-devel-windows-x86_64 1.2 4.00 36.00 40.00 OK
r-patched-linux-x86_64 1.2 2.00 15.18 17.18 OK
r-release-linux-x86_64 1.2 2.01 15.10 17.11 OK
r-release-macos-arm64 1.2 14.00 OK
r-release-macos-x86_64 1.2 20.00 OK
r-release-windows-x86_64 1.2 5.00 36.00 41.00 OK
r-oldrel-macos-arm64 1.2 21.00 OK
r-oldrel-macos-x86_64 1.2 28.00 OK
r-oldrel-windows-x86_64 1.2 8.00 33.00 41.00 OK

Check Details

Version: 1.2
Check: compiled code
Result: NOTE File ‘GWASExactHW/libs/GWASExactHW.so’: Found no calls to: ‘R_registerRoutines’, ‘R_useDynamicSymbols’ It is good practice to register native routines and to disable symbol search. See ‘Writing portable packages’ in the ‘Writing R Extensions’ manual. Flavors: r-devel-linux-x86_64-fedora-clang, r-devel-linux-x86_64-fedora-gcc

These binaries (installable software) and packages are in development.
They may not be fully stable and should be used with caution. We make no claims about them.