CRAN Package Check Results for Package GWI

Last updated on 2025-02-19 18:51:06 CET.

Flavor Version Tinstall Tcheck Ttotal Status Flags
r-devel-linux-x86_64-debian-clang 1.0.2 1.73 17.68 19.41 OK
r-devel-linux-x86_64-debian-gcc 1.0.2 1.41 14.05 15.46 OK
r-devel-linux-x86_64-fedora-clang 1.0.2 32.17 OK
r-devel-linux-x86_64-fedora-gcc 1.0.2 29.68 OK
r-devel-macos-arm64 1.0.2 14.00 OK
r-devel-macos-x86_64 1.0.2 21.00 OK
r-devel-windows-x86_64 1.0.2 3.00 39.00 42.00 OK
r-patched-linux-x86_64 1.0.2 1.89 16.66 18.55 NOTE
r-release-linux-x86_64 1.0.2 1.32 16.70 18.02 NOTE
r-release-macos-arm64 1.0.2 14.00 NOTE
r-release-macos-x86_64 1.0.2 20.00 NOTE
r-release-windows-x86_64 1.0.2 3.00 37.00 40.00 NOTE
r-oldrel-macos-arm64 1.0.2 16.00 NOTE
r-oldrel-macos-x86_64 1.0.2 19.00 NOTE
r-oldrel-windows-x86_64 1.0.2 4.00 36.00 40.00 NOTE

Check Details

Version: 1.0.2
Check: LazyData
Result: NOTE 'LazyData' is specified without a 'data' directory Flavors: r-patched-linux-x86_64, r-release-linux-x86_64, r-release-macos-arm64, r-release-macos-x86_64, r-release-windows-x86_64, r-oldrel-macos-arm64, r-oldrel-macos-x86_64, r-oldrel-windows-x86_64

These binaries (installable software) and packages are in development.
They may not be fully stable and should be used with caution. We make no claims about them.