Last updated on 2025-02-16 10:50:47 CET.
Flavor | Version | Tinstall | Tcheck | Ttotal | Status | Flags |
---|---|---|---|---|---|---|
r-devel-linux-x86_64-debian-clang | 2.4-1 | 102.11 | 151.42 | 253.53 | OK | |
r-devel-linux-x86_64-debian-gcc | 2.4-1 | 82.89 | 106.72 | 189.61 | OK | |
r-devel-linux-x86_64-fedora-clang | 2.4-1 | 449.57 | OK | |||
r-devel-linux-x86_64-fedora-gcc | 2.4-1 | 448.56 | OK | |||
r-devel-macos-arm64 | 2.4-1 | 121.00 | OK | |||
r-devel-macos-x86_64 | 2.4-1 | 231.00 | OK | |||
r-devel-windows-x86_64 | 2.4-1 | 102.00 | 168.00 | 270.00 | OK | |
r-patched-linux-x86_64 | 2.4-1 | 106.13 | 145.55 | 251.68 | OK | |
r-release-linux-x86_64 | 2.4-1 | 108.90 | 145.91 | 254.81 | OK | |
r-release-macos-arm64 | 2.4-1 | 103.00 | NOTE | |||
r-release-macos-x86_64 | 2.4-1 | 232.00 | NOTE | |||
r-release-windows-x86_64 | 2.4-1 | 102.00 | 163.00 | 265.00 | OK | |
r-oldrel-macos-arm64 | 2.4-1 | 109.00 | NOTE | |||
r-oldrel-macos-x86_64 | 2.4-1 | 222.00 | NOTE | |||
r-oldrel-windows-x86_64 | 2.4-1 | 127.00 | 230.00 | 357.00 | OK |
Version: 2.4-1
Check: installed package size
Result: NOTE
installed size is 27.9Mb
sub-directories of 1Mb or more:
data 1.5Mb
libs 25.6Mb
Flavors: r-release-macos-arm64, r-release-macos-x86_64, r-oldrel-macos-arm64, r-oldrel-macos-x86_64
These binaries (installable software) and packages are in development.
They may not be fully stable and should be used with caution. We make no claims about them.