CRAN Package Check Results for Package GameTheory

Last updated on 2025-11-12 19:51:49 CET.

Flavor Version Tinstall Tcheck Ttotal Status Flags
r-devel-linux-x86_64-debian-clang 2.7.1 4.71 45.78 50.49 NOTE
r-devel-linux-x86_64-debian-gcc 2.7.1 4.04 33.53 37.57 NOTE
r-devel-linux-x86_64-fedora-clang 2.7.1 11.00 65.35 76.35 OK
r-devel-linux-x86_64-fedora-gcc 2.7.1 12.00 59.55 71.55 OK
r-devel-windows-x86_64 2.7.1 7.00 59.00 66.00 OK
r-patched-linux-x86_64 2.7.1 5.35 42.40 47.75 OK
r-release-linux-x86_64 2.7.1 4.52 43.23 47.75 OK
r-release-macos-arm64 2.7.1 2.00 25.00 27.00 OK
r-release-macos-x86_64 2.7.1 4.00 65.00 69.00 OK
r-release-windows-x86_64 2.7.1 6.00 65.00 71.00 OK
r-oldrel-macos-arm64 2.7.1 2.00 22.00 24.00 OK
r-oldrel-macos-x86_64 2.7.1 7.00 56.00 63.00 OK
r-oldrel-windows-x86_64 2.7.1 6.00 70.00 76.00 OK

Check Details

Version: 2.7.1
Check: CRAN incoming feasibility
Result: NOTE Maintainer: ‘Sebastian Cano-Berlanga <cano.berlanga@gmail.com>’ No Authors@R field in DESCRIPTION. Please add one, modifying Authors@R: person(given = "Sebastian", family = "Cano-Berlanga", role = c("aut", "cre"), email = "cano.berlanga@gmail.com") as necessary. Flavors: r-devel-linux-x86_64-debian-clang, r-devel-linux-x86_64-debian-gcc

These binaries (installable software) and packages are in development.
They may not be fully stable and should be used with caution. We make no claims about them.