CRAN Package Check Results for Package GameTheory

Last updated on 2025-07-19 21:49:36 CEST.

Flavor Version Tinstall Tcheck Ttotal Status Flags
r-devel-linux-x86_64-debian-clang 2.7.1 5.29 43.25 48.54 NOTE
r-devel-linux-x86_64-debian-gcc 2.7.1 3.76 32.57 36.33 NOTE
r-devel-linux-x86_64-fedora-clang 2.7.1 73.57 OK
r-devel-linux-x86_64-fedora-gcc 2.7.1 67.60 OK
r-devel-windows-x86_64 2.7.1 5.00 61.00 66.00 OK
r-patched-linux-x86_64 2.7.1 4.73 41.72 46.45 OK
r-release-linux-x86_64 2.7.1 4.80 42.05 46.85 OK
r-release-macos-arm64 2.7.1 27.00 OK
r-release-macos-x86_64 2.7.1 69.00 OK
r-release-windows-x86_64 2.7.1 5.00 60.00 65.00 OK
r-oldrel-macos-arm64 2.7.1 24.00 OK
r-oldrel-macos-x86_64 2.7.1 63.00 OK
r-oldrel-windows-x86_64 2.7.1 5.00 70.00 75.00 OK

Check Details

Version: 2.7.1
Check: CRAN incoming feasibility
Result: NOTE Maintainer: ‘Sebastian Cano-Berlanga <cano.berlanga@gmail.com>’ No Authors@R field in DESCRIPTION. Please add one, modifying Authors@R: person(given = "Sebastian", family = "Cano-Berlanga", role = c("aut", "cre"), email = "cano.berlanga@gmail.com") as necessary. Flavors: r-devel-linux-x86_64-debian-clang, r-devel-linux-x86_64-debian-gcc

These binaries (installable software) and packages are in development.
They may not be fully stable and should be used with caution. We make no claims about them.