Last updated on 2025-05-01 17:56:03 CEST.
Flavor | Version | Tinstall | Tcheck | Ttotal | Status | Flags |
---|---|---|---|---|---|---|
r-devel-linux-x86_64-debian-clang | 2.7.1 | 5.27 | 43.91 | 49.18 | NOTE | |
r-devel-linux-x86_64-debian-gcc | 2.7.1 | 3.54 | 32.36 | 35.90 | NOTE | |
r-devel-linux-x86_64-fedora-clang | 2.7.1 | 80.95 | OK | |||
r-devel-linux-x86_64-fedora-gcc | 2.7.1 | 75.73 | OK | |||
r-devel-windows-x86_64 | 2.7.1 | 5.00 | 61.00 | 66.00 | OK | |
r-patched-linux-x86_64 | 2.7.1 | 5.44 | 41.40 | 46.84 | OK | |
r-release-linux-x86_64 | OK | |||||
r-release-macos-arm64 | 2.7.1 | 27.00 | OK | |||
r-release-macos-x86_64 | 2.7.1 | 69.00 | OK | |||
r-release-windows-x86_64 | 2.7.1 | 6.00 | 63.00 | 69.00 | OK | |
r-oldrel-macos-arm64 | 2.7.1 | 24.00 | OK | |||
r-oldrel-macos-x86_64 | 2.7.1 | 63.00 | OK | |||
r-oldrel-windows-x86_64 | 2.7.1 | 9.00 | 70.00 | 79.00 | OK |
Version: 2.7.1
Check: CRAN incoming feasibility
Result: NOTE
Maintainer: ‘Sebastian Cano-Berlanga <cano.berlanga@gmail.com>’
No Authors@R field in DESCRIPTION.
Please add one, modifying
Authors@R: person(given = "Sebastian",
family = "Cano-Berlanga",
role = c("aut", "cre"),
email = "cano.berlanga@gmail.com")
as necessary.
Flavors: r-devel-linux-x86_64-debian-clang, r-devel-linux-x86_64-debian-gcc
These binaries (installable software) and packages are in development.
They may not be fully stable and should be used with caution. We make no claims about them.