Last updated on 2025-02-16 10:50:46 CET.
Flavor | Version | Tinstall | Tcheck | Ttotal | Status | Flags |
---|---|---|---|---|---|---|
r-devel-linux-x86_64-debian-clang | 1.4.9 | 29.97 | 215.51 | 245.48 | NOTE | |
r-devel-linux-x86_64-debian-gcc | 1.4.9 | 20.38 | 146.24 | 166.62 | NOTE | |
r-devel-linux-x86_64-fedora-clang | 1.4.9 | 430.73 | NOTE | |||
r-devel-linux-x86_64-fedora-gcc | 1.4.9 | 404.72 | NOTE | |||
r-devel-macos-arm64 | 1.4.9 | 122.00 | NOTE | |||
r-devel-macos-x86_64 | 1.4.9 | 235.00 | NOTE | |||
r-devel-windows-x86_64 | 1.4.9 | 32.00 | 252.00 | 284.00 | NOTE | |
r-patched-linux-x86_64 | 1.4.9 | 32.23 | 207.35 | 239.58 | NOTE | |
r-release-linux-x86_64 | 1.4.9 | 29.71 | 208.44 | 238.15 | NOTE | |
r-release-macos-arm64 | 1.4.9 | 105.00 | NOTE | |||
r-release-macos-x86_64 | 1.4.9 | 181.00 | NOTE | |||
r-release-windows-x86_64 | 1.4.9 | 32.00 | 249.00 | 281.00 | NOTE | |
r-oldrel-macos-arm64 | 1.4.9 | 120.00 | OK | |||
r-oldrel-macos-x86_64 | 1.4.9 | 217.00 | OK | |||
r-oldrel-windows-x86_64 | 1.4.9 | 44.00 | 292.00 | 336.00 | OK |
Version: 1.4.9
Check: Rd files
Result: NOTE
checkRd: (-1) cpm.Rd:70: Lost braces; missing escapes or markup?
70 | covariates included in \code{formula_l} or {formula_s} (required).}
| ^
Flavors: r-devel-linux-x86_64-debian-clang, r-devel-linux-x86_64-debian-gcc, r-devel-linux-x86_64-fedora-clang, r-devel-linux-x86_64-fedora-gcc, r-devel-macos-arm64, r-devel-macos-x86_64, r-devel-windows-x86_64, r-patched-linux-x86_64, r-release-linux-x86_64, r-release-macos-arm64, r-release-macos-x86_64, r-release-windows-x86_64
These binaries (installable software) and packages are in development.
They may not be fully stable and should be used with caution. We make no claims about them.