Last updated on 2024-07-27 15:50:18 CEST.
Flavor | Version | Tinstall | Tcheck | Ttotal | Status | Flags |
---|---|---|---|---|---|---|
r-devel-linux-x86_64-debian-clang | 1.4.9 | 35.09 | 283.68 | 318.77 | NOTE | |
r-devel-linux-x86_64-debian-gcc | 1.4.9 | NOTE | ||||
r-devel-linux-x86_64-fedora-clang | 1.4.9 | 414.58 | NOTE | |||
r-devel-linux-x86_64-fedora-gcc | 1.4.9 | 401.33 | NOTE | |||
r-devel-windows-x86_64 | 1.4.9 | 33.00 | 248.00 | 281.00 | NOTE | |
r-patched-linux-x86_64 | 1.4.9 | NOTE | ||||
r-release-linux-x86_64 | 1.4.9 | 35.39 | 273.01 | 308.40 | NOTE | |
r-release-macos-arm64 | 1.4.9 | 105.00 | NOTE | |||
r-release-macos-x86_64 | 1.4.9 | 181.00 | NOTE | |||
r-release-windows-x86_64 | 1.4.9 | 39.00 | 252.00 | 291.00 | NOTE | |
r-oldrel-macos-arm64 | 1.4.9 | 120.00 | OK | |||
r-oldrel-macos-x86_64 | 1.4.9 | 217.00 | OK | |||
r-oldrel-windows-x86_64 | 1.4.9 | 43.00 | 300.00 | 343.00 | OK |
Version: 1.4.9
Check: Rd files
Result: NOTE
checkRd: (-1) cpm.Rd:70: Lost braces; missing escapes or markup?
70 | covariates included in \code{formula_l} or {formula_s} (required).}
| ^
Flavors: r-devel-linux-x86_64-debian-clang, r-devel-linux-x86_64-debian-gcc, r-devel-linux-x86_64-fedora-clang, r-devel-linux-x86_64-fedora-gcc, r-devel-windows-x86_64, r-patched-linux-x86_64, r-release-linux-x86_64, r-release-macos-arm64, r-release-macos-x86_64, r-release-windows-x86_64
These binaries (installable software) and packages are in development.
They may not be fully stable and should be used with caution. We make no claims about them.