CRAN Package Check Results for Package GenWin

Last updated on 2025-05-22 11:56:27 CEST.

Flavor Version Tinstall Tcheck Ttotal Status Flags
r-devel-linux-x86_64-debian-clang 1.0 1.94 19.42 21.36 NOTE
r-devel-linux-x86_64-debian-gcc 1.0 1.55 15.47 17.02 NOTE
r-devel-linux-x86_64-fedora-clang 1.0 33.19 OK
r-devel-linux-x86_64-fedora-gcc 1.0 31.30 OK
r-devel-windows-x86_64 1.0 4.00 40.00 44.00 OK
r-patched-linux-x86_64 1.0 1.99 18.36 20.35 OK
r-release-linux-x86_64 1.0 1.94 18.46 20.40 OK
r-release-macos-arm64 1.0 17.00 OK
r-release-macos-x86_64 1.0 24.00 OK
r-release-windows-x86_64 1.0 4.00 40.00 44.00 OK
r-oldrel-macos-arm64 1.0 14.00 OK
r-oldrel-macos-x86_64 1.0 21.00 OK
r-oldrel-windows-x86_64 1.0 4.00 41.00 45.00 OK

Check Details

Version: 1.0
Check: CRAN incoming feasibility
Result: NOTE Maintainer: ‘Timothy M. Beissinger <timbeissinger@gmail.com>’ No Authors@R field in DESCRIPTION. Please add one, modifying Authors@R: person(given = c("Timothy", "M."), family = "Beissinger", role = c("aut", "cre"), email = "timbeissinger@gmail.com") as necessary. Flavors: r-devel-linux-x86_64-debian-clang, r-devel-linux-x86_64-debian-gcc

These binaries (installable software) and packages are in development.
They may not be fully stable and should be used with caution. We make no claims about them.