Last updated on 2025-05-01 14:49:10 CEST.
Flavor | Version | Tinstall | Tcheck | Ttotal | Status | Flags |
---|---|---|---|---|---|---|
r-devel-linux-x86_64-debian-clang | 1.0 | 1.80 | 20.68 | 22.48 | NOTE | |
r-devel-linux-x86_64-debian-gcc | 1.0 | 1.41 | 16.40 | 17.81 | NOTE | |
r-devel-linux-x86_64-fedora-clang | 1.0 | 35.18 | OK | |||
r-devel-linux-x86_64-fedora-gcc | 1.0 | 32.64 | OK | |||
r-devel-windows-x86_64 | 1.0 | 2.00 | 46.00 | 48.00 | OK | |
r-patched-linux-x86_64 | 1.0 | 1.72 | 20.14 | 21.86 | OK | |
r-release-linux-x86_64 | OK | |||||
r-release-macos-arm64 | 1.0 | 17.00 | OK | |||
r-release-macos-x86_64 | 1.0 | 24.00 | OK | |||
r-release-windows-x86_64 | 1.0 | 2.00 | 47.00 | 49.00 | OK | |
r-oldrel-macos-arm64 | 1.0 | 15.00 | OK | |||
r-oldrel-macos-x86_64 | 1.0 | 22.00 | OK | |||
r-oldrel-windows-x86_64 | 1.0 | 3.00 | 44.00 | 47.00 | OK |
Version: 1.0
Check: CRAN incoming feasibility
Result: NOTE
Maintainer: ‘Aurelien Nicosia <nicosia.aurelien@gmail.com>’
No Authors@R field in DESCRIPTION.
Please add one, modifying
Authors@R: c(person(given = "Aurelien",
family = "Nicosia",
role = c("aut", "cre"),
email = "nicosia.aurelien@gmail.com"),
person(given = "Simon",
family = "Baillargeon-Ladouceur",
role = "aut"))
as necessary.
Flavors: r-devel-linux-x86_64-debian-clang, r-devel-linux-x86_64-debian-gcc
These binaries (installable software) and packages are in development.
They may not be fully stable and should be used with caution. We make no claims about them.