Last updated on 2025-05-01 17:56:03 CEST.
Flavor | Version | Tinstall | Tcheck | Ttotal | Status | Flags |
---|---|---|---|---|---|---|
r-devel-linux-x86_64-debian-clang | 0.2.0 | 9.15 | 72.77 | 81.92 | NOTE | |
r-devel-linux-x86_64-debian-gcc | 0.2.0 | 6.70 | 53.88 | 60.58 | NOTE | |
r-devel-linux-x86_64-fedora-clang | 0.2.0 | 130.27 | OK | |||
r-devel-linux-x86_64-fedora-gcc | 0.2.0 | 129.31 | OK | |||
r-devel-windows-x86_64 | 0.2.0 | 10.00 | 88.00 | 98.00 | OK | |
r-patched-linux-x86_64 | 0.2.0 | 7.85 | 69.22 | 77.07 | OK | |
r-release-linux-x86_64 | OK | |||||
r-release-macos-arm64 | 0.2.0 | 42.00 | OK | |||
r-release-macos-x86_64 | 0.2.0 | 72.00 | OK | |||
r-release-windows-x86_64 | 0.2.0 | 9.00 | 92.00 | 101.00 | OK | |
r-oldrel-macos-arm64 | 0.2.0 | 36.00 | OK | |||
r-oldrel-macos-x86_64 | 0.2.0 | 55.00 | OK | |||
r-oldrel-windows-x86_64 | 0.2.0 | 10.00 | 98.00 | 108.00 | OK |
Version: 0.2.0
Check: CRAN incoming feasibility
Result: NOTE
Maintainer: ‘Jonas Peters <jonas.peters@math.ku.dk>’
No Authors@R field in DESCRIPTION.
Please add one, modifying
Authors@R: c(person(given = "Jonas",
family = "Peters",
role = c("aut", "cre"),
email = "jonas.peters@math.ku.dk"),
person(given = c("Rajen", "D."),
family = "Shah",
role = "aut"))
as necessary.
Flavors: r-devel-linux-x86_64-debian-clang, r-devel-linux-x86_64-debian-gcc
These binaries (installable software) and packages are in development.
They may not be fully stable and should be used with caution. We make no claims about them.