Last updated on 2024-07-27 15:50:18 CEST.
Flavor | Version | Tinstall | Tcheck | Ttotal | Status | Flags |
---|---|---|---|---|---|---|
r-devel-linux-x86_64-debian-clang | 1.2.6 | 53.92 | 142.90 | 196.82 | NOTE | |
r-devel-linux-x86_64-debian-gcc | 1.2.6 | NOTE | ||||
r-devel-linux-x86_64-fedora-clang | 1.2.6 | 455.61 | NOTE | |||
r-devel-linux-x86_64-fedora-gcc | 1.2.6 | 493.93 | NOTE | |||
r-devel-windows-x86_64 | 1.2.6 | 51.00 | 152.00 | 203.00 | NOTE | |
r-patched-linux-x86_64 | 1.2.6 | NOTE | ||||
r-release-linux-x86_64 | 1.2.6 | 49.10 | 140.25 | 189.35 | NOTE | |
r-release-macos-arm64 | 1.2.6 | 101.00 | NOTE | |||
r-release-macos-x86_64 | 1.2.6 | 185.00 | NOTE | |||
r-release-windows-x86_64 | 1.2.6 | 61.00 | 146.00 | 207.00 | NOTE | |
r-oldrel-macos-arm64 | 1.2.6 | 254.00 | NOTE | |||
r-oldrel-macos-x86_64 | 1.2.6 | 89.00 | NOTE | |||
r-oldrel-windows-x86_64 | 1.2.6 | 61.00 | 157.00 | 218.00 | NOTE |
Version: 1.2.6
Check: for GNU extensions in Makefiles
Result: NOTE
GNU make is a SystemRequirements.
Flavors: r-devel-linux-x86_64-debian-clang, r-devel-linux-x86_64-debian-gcc, r-devel-linux-x86_64-fedora-clang, r-devel-linux-x86_64-fedora-gcc, r-devel-windows-x86_64, r-patched-linux-x86_64, r-release-linux-x86_64, r-release-macos-arm64, r-release-macos-x86_64, r-release-windows-x86_64, r-oldrel-macos-arm64, r-oldrel-macos-x86_64, r-oldrel-windows-x86_64
These binaries (installable software) and packages are in development.
They may not be fully stable and should be used with caution. We make no claims about them.