Last updated on 2025-10-30 13:48:38 CET.
| Flavor | Version | Tinstall | Tcheck | Ttotal | Status | Flags |
|---|---|---|---|---|---|---|
| r-devel-linux-x86_64-debian-clang | 1.3.1 | 45.50 | 116.73 | 162.23 | OK | |
| r-devel-linux-x86_64-debian-gcc | 1.3.1 | 27.96 | 85.55 | 113.51 | OK | |
| r-devel-linux-x86_64-fedora-clang | 1.3.1 | 69.00 | 197.37 | 266.37 | OK | |
| r-devel-linux-x86_64-fedora-gcc | 1.3.1 | 92.00 | 172.46 | 264.46 | OK | |
| r-devel-windows-x86_64 | 1.3.1 | 55.00 | 134.00 | 189.00 | OK | |
| r-patched-linux-x86_64 | 1.3.1 | 45.58 | 111.92 | 157.50 | OK | |
| r-release-linux-x86_64 | 1.3.1 | 42.39 | 111.17 | 153.56 | OK | |
| r-release-macos-arm64 | 1.3.1 | 17.00 | 64.00 | 81.00 | OK | |
| r-release-macos-x86_64 | 1.3.1 | 26.00 | 114.00 | 140.00 | OK | |
| r-release-windows-x86_64 | 1.3.1 | 57.00 | 137.00 | 194.00 | OK | |
| r-oldrel-macos-arm64 | 1.3.1 | 9.00 | 40.00 | 49.00 | NOTE | |
| r-oldrel-macos-x86_64 | 1.3.1 | 11.00 | 68.00 | 79.00 | NOTE | |
| r-oldrel-windows-x86_64 | 1.3.1 | 66.00 | 171.00 | 237.00 | NOTE |
Version: 1.3.1
Check: for GNU extensions in Makefiles
Result: NOTE
GNU make is a SystemRequirements.
Flavors: r-oldrel-macos-arm64, r-oldrel-macos-x86_64, r-oldrel-windows-x86_64
These binaries (installable software) and packages are in development.
They may not be fully stable and should be used with caution. We make no claims about them.