Last updated on 2025-05-01 14:49:10 CEST.
Flavor | Version | Tinstall | Tcheck | Ttotal | Status | Flags |
---|---|---|---|---|---|---|
r-devel-linux-x86_64-debian-clang | 0.1 | 8.76 | 73.06 | 81.82 | NOTE | |
r-devel-linux-x86_64-debian-gcc | 0.1 | 5.45 | 54.99 | 60.44 | NOTE | |
r-devel-linux-x86_64-fedora-clang | 0.1 | 126.55 | OK | |||
r-devel-linux-x86_64-fedora-gcc | 0.1 | 119.09 | OK | |||
r-devel-windows-x86_64 | 0.1 | 10.00 | 100.00 | 110.00 | OK | |
r-patched-linux-x86_64 | 0.1 | 7.06 | 69.08 | 76.14 | OK | |
r-release-linux-x86_64 | OK | |||||
r-release-macos-arm64 | 0.1 | 61.00 | OK | |||
r-release-macos-x86_64 | 0.1 | 89.00 | OK | |||
r-release-windows-x86_64 | 0.1 | 10.00 | 104.00 | 114.00 | OK | |
r-oldrel-macos-arm64 | 0.1 | 57.00 | OK | |||
r-oldrel-macos-x86_64 | 0.1 | 72.00 | OK | |||
r-oldrel-windows-x86_64 | 0.1 | 13.00 | 107.00 | 120.00 | OK |
Version: 0.1
Check: CRAN incoming feasibility
Result: NOTE
Maintainer: ‘Zihuai He <zihuai@stanford.edu>’
No Authors@R field in DESCRIPTION.
Please add one, modifying
Authors@R: person(given = "Zihuai",
family = "He",
role = c("aut", "cre"),
email = "zihuai@stanford.edu")
as necessary.
Flavors: r-devel-linux-x86_64-debian-clang, r-devel-linux-x86_64-debian-gcc
Version: 0.1
Check: examples
Result: NOTE
Examples with CPU (user + system) or elapsed time > 5s
user system elapsed
GenoScan.Region 4.703 0.53 6.822
Flavor: r-devel-linux-x86_64-debian-clang
Version: 0.1
Check: examples
Result: NA
user system elapsed
GenoScan.Region 4.402 0.456 5.672
OK
Flavor: r-devel-linux-x86_64-debian-gcc
These binaries (installable software) and packages are in development.
They may not be fully stable and should be used with caution. We make no claims about them.