CRAN Package Check Results for Package GenoScan

Last updated on 2025-07-26 01:50:51 CEST.

Flavor Version Tinstall Tcheck Ttotal Status Flags
r-devel-linux-x86_64-debian-clang 0.1 8.14 72.46 80.60 NOTE
r-devel-linux-x86_64-debian-gcc 0.1 5.85 53.78 59.63 NOTE
r-devel-linux-x86_64-fedora-clang 0.1 123.19 OK
r-devel-linux-x86_64-fedora-gcc 0.1 112.64 OK
r-devel-windows-x86_64 0.1 10.00 95.00 105.00 OK
r-patched-linux-x86_64 0.1 7.61 70.58 78.19 OK
r-release-linux-x86_64 0.1 7.38 68.49 75.87 OK
r-release-macos-arm64 0.1 61.00 OK
r-release-macos-x86_64 0.1 89.00 OK
r-release-windows-x86_64 0.1 10.00 94.00 104.00 OK
r-oldrel-macos-arm64 0.1 57.00 OK
r-oldrel-macos-x86_64 0.1 72.00 OK
r-oldrel-windows-x86_64 0.1 13.00 109.00 122.00 OK

Check Details

Version: 0.1
Check: CRAN incoming feasibility
Result: NOTE Maintainer: ‘Zihuai He <zihuai@stanford.edu>’ No Authors@R field in DESCRIPTION. Please add one, modifying Authors@R: person(given = "Zihuai", family = "He", role = c("aut", "cre"), email = "zihuai@stanford.edu") as necessary. Flavors: r-devel-linux-x86_64-debian-clang, r-devel-linux-x86_64-debian-gcc

These binaries (installable software) and packages are in development.
They may not be fully stable and should be used with caution. We make no claims about them.