Last updated on 2025-10-03 11:50:44 CEST.
Flavor | Version | Tinstall | Tcheck | Ttotal | Status | Flags |
---|---|---|---|---|---|---|
r-devel-linux-x86_64-debian-clang | 2.1.12 | 68.06 | 240.18 | 308.24 | OK | |
r-devel-linux-x86_64-debian-gcc | 2.1.12 | 48.21 | 173.05 | 221.26 | OK | |
r-devel-linux-x86_64-fedora-clang | 2.1.12 | 481.29 | OK | |||
r-devel-linux-x86_64-fedora-gcc | 2.1.12 | 488.76 | OK | |||
r-devel-windows-x86_64 | 2.1.12 | 96.00 | 250.00 | 346.00 | OK | |
r-patched-linux-x86_64 | 2.1.12 | 72.87 | 231.80 | 304.67 | OK | |
r-release-linux-x86_64 | 2.1.12 | 72.71 | 231.94 | 304.65 | OK | |
r-release-macos-arm64 | 2.1.12 | 122.00 | OK | |||
r-release-macos-x86_64 | 2.1.12 | 212.00 | OK | |||
r-release-windows-x86_64 | 2.1.12 | 88.00 | 248.00 | 336.00 | OK | |
r-oldrel-macos-arm64 | 2.1.12 | 125.00 | NOTE | |||
r-oldrel-macos-x86_64 | 2.1.12 | 204.00 | NOTE | |||
r-oldrel-windows-x86_64 | 2.1.12 | 114.00 | 322.00 | 436.00 | OK |
Version: 2.1.12
Check: installed package size
Result: NOTE
installed size is 6.9Mb
sub-directories of 1Mb or more:
doc 2.0Mb
libs 4.3Mb
Flavors: r-oldrel-macos-arm64, r-oldrel-macos-x86_64
These binaries (installable software) and packages are in development.
They may not be fully stable and should be used with caution. We make no claims about them.