Last updated on 2025-11-11 15:50:34 CET.
| Flavor | Version | Tinstall | Tcheck | Ttotal | Status | Flags |
|---|---|---|---|---|---|---|
| r-devel-linux-x86_64-debian-clang | 2.1.12 | 69.26 | 238.76 | 308.02 | OK | |
| r-devel-linux-x86_64-debian-gcc | 2.1.12 | 49.49 | 170.78 | 220.27 | OK | |
| r-devel-linux-x86_64-fedora-clang | 2.1.12 | 127.00 | 355.71 | 482.71 | OK | |
| r-devel-linux-x86_64-fedora-gcc | 2.1.12 | 145.00 | 342.87 | 487.87 | OK | |
| r-devel-windows-x86_64 | 2.1.12 | 93.00 | 246.00 | 339.00 | OK | |
| r-patched-linux-x86_64 | 2.1.12 | 77.69 | 232.88 | 310.57 | OK | |
| r-release-linux-x86_64 | 2.1.12 | 72.50 | 237.34 | 309.84 | OK | |
| r-release-macos-arm64 | 2.1.12 | 26.00 | 96.00 | 122.00 | OK | |
| r-release-macos-x86_64 | 2.1.12 | 27.00 | 185.00 | 212.00 | OK | |
| r-release-windows-x86_64 | 2.1.12 | 97.00 | 238.00 | 335.00 | OK | |
| r-oldrel-macos-arm64 | 2.1.12 | 27.00 | 98.00 | 125.00 | NOTE | |
| r-oldrel-macos-x86_64 | 2.1.12 | 26.00 | 178.00 | 204.00 | NOTE | |
| r-oldrel-windows-x86_64 | 2.1.12 | 110.00 | 321.00 | 431.00 | OK |
Version: 2.1.12
Check: installed package size
Result: NOTE
installed size is 6.9Mb
sub-directories of 1Mb or more:
doc 2.0Mb
libs 4.3Mb
Flavors: r-oldrel-macos-arm64, r-oldrel-macos-x86_64
These binaries (installable software) and packages are in development.
They may not be fully stable and should be used with caution. We make no claims about them.