Last updated on 2025-11-13 19:50:25 CET.
| Flavor | Version | Tinstall | Tcheck | Ttotal | Status | Flags |
|---|---|---|---|---|---|---|
| r-devel-linux-x86_64-debian-clang | 2.0.1 | 78.76 | 52.86 | 131.62 | OK | |
| r-devel-linux-x86_64-debian-gcc | 2.0.1 | 79.47 | 40.81 | 120.28 | OK | |
| r-devel-linux-x86_64-fedora-clang | 2.0.1 | 166.00 | 40.11 | 206.11 | OK | |
| r-devel-linux-x86_64-fedora-gcc | 2.0.1 | 249.00 | 15.74 | 264.74 | OK | |
| r-devel-windows-x86_64 | 2.0.1 | 90.00 | 91.00 | 181.00 | OK | |
| r-patched-linux-x86_64 | 2.0.1 | 96.88 | 54.37 | 151.25 | OK | |
| r-release-linux-x86_64 | 2.0.1 | 101.01 | 54.76 | 155.77 | OK | |
| r-release-macos-arm64 | 2.0.1 | 36.00 | 28.00 | 64.00 | OK | |
| r-release-macos-x86_64 | 2.0.1 | 98.00 | 45.00 | 143.00 | OK | |
| r-release-windows-x86_64 | 2.0.1 | 92.00 | 88.00 | 180.00 | OK | |
| r-oldrel-macos-arm64 | 2.0.1 | 36.00 | 29.00 | 65.00 | NOTE | |
| r-oldrel-macos-x86_64 | 2.0.1 | 92.00 | 63.00 | 155.00 | NOTE | |
| r-oldrel-windows-x86_64 | 2.0.1 | 113.00 | 113.00 | 226.00 | NOTE |
Version: 2.0.1
Check: installed package size
Result: NOTE
installed size is 46.9Mb
sub-directories of 1Mb or more:
libs 46.2Mb
Flavors: r-oldrel-macos-arm64, r-oldrel-macos-x86_64, r-oldrel-windows-x86_64
These binaries (installable software) and packages are in development.
They may not be fully stable and should be used with caution. We make no claims about them.