Last updated on 2025-05-21 21:49:17 CEST.
Flavor | Version | Tinstall | Tcheck | Ttotal | Status | Flags |
---|---|---|---|---|---|---|
r-devel-linux-x86_64-debian-clang | 1.1.1 | 381.39 | 144.38 | 525.77 | OK | |
r-devel-linux-x86_64-debian-gcc | 1.1.1 | 335.93 | 125.77 | 461.70 | OK | |
r-devel-linux-x86_64-fedora-clang | 1.1.1 | 940.61 | OK | |||
r-devel-linux-x86_64-fedora-gcc | 1.1.1 | 1350.84 | OK | |||
r-devel-windows-x86_64 | 1.1.1 | 496.00 | 225.00 | 721.00 | OK | |
r-patched-linux-x86_64 | 1.1.1 | 458.31 | 169.01 | 627.32 | OK | |
r-release-linux-x86_64 | 1.1.1 | 456.71 | 169.99 | 626.70 | OK | |
r-release-macos-arm64 | 1.1.1 | 241.00 | OK | |||
r-release-macos-x86_64 | 1.1.1 | 291.00 | OK | |||
r-release-windows-x86_64 | 1.1.1 | 493.00 | 217.00 | 710.00 | OK | |
r-oldrel-macos-arm64 | 1.1.1 | 222.00 | NOTE | |||
r-oldrel-macos-x86_64 | 1.1.1 | 290.00 | NOTE | |||
r-oldrel-windows-x86_64 | 1.1.1 | 582.00 | 276.00 | 858.00 | NOTE |
Version: 1.1.1
Check: installed package size
Result: NOTE
installed size is 105.4Mb
sub-directories of 1Mb or more:
R 2.1Mb
libs 103.0Mb
Flavors: r-oldrel-macos-arm64, r-oldrel-macos-x86_64, r-oldrel-windows-x86_64
Version: 1.1.1
Check: for GNU extensions in Makefiles
Result: NOTE
GNU make is a SystemRequirements.
Flavors: r-oldrel-macos-arm64, r-oldrel-macos-x86_64, r-oldrel-windows-x86_64
These binaries (installable software) and packages are in development.
They may not be fully stable and should be used with caution. We make no claims about them.