CRAN Package Check Results for Package GeoFIS

Last updated on 2025-07-17 11:50:34 CEST.

Flavor Version Tinstall Tcheck Ttotal Status Flags
r-devel-linux-x86_64-debian-clang 1.1.1 391.32 144.33 535.65 OK
r-devel-linux-x86_64-debian-gcc 1.1.1 332.60 127.76 460.36 OK
r-devel-linux-x86_64-fedora-clang 1.1.1 911.69 OK
r-devel-linux-x86_64-fedora-gcc 1.1.1 1112.14 OK
r-devel-windows-x86_64 1.1.1 480.00 225.00 705.00 OK
r-patched-linux-x86_64 1.1.1 473.52 171.38 644.90 OK
r-release-linux-x86_64 1.1.1 467.76 170.61 638.37 OK
r-release-macos-arm64 1.1.1 241.00 OK
r-release-macos-x86_64 1.1.1 291.00 OK
r-release-windows-x86_64 1.1.1 491.00 217.00 708.00 OK
r-oldrel-macos-arm64 1.1.1 222.00 NOTE
r-oldrel-macos-x86_64 1.1.1 290.00 NOTE
r-oldrel-windows-x86_64 1.1.1 582.00 275.00 857.00 NOTE

Check Details

Version: 1.1.1
Check: installed package size
Result: NOTE installed size is 105.4Mb sub-directories of 1Mb or more: R 2.1Mb libs 103.0Mb Flavors: r-oldrel-macos-arm64, r-oldrel-macos-x86_64, r-oldrel-windows-x86_64

Version: 1.1.1
Check: for GNU extensions in Makefiles
Result: NOTE GNU make is a SystemRequirements. Flavors: r-oldrel-macos-arm64, r-oldrel-macos-x86_64, r-oldrel-windows-x86_64

These binaries (installable software) and packages are in development.
They may not be fully stable and should be used with caution. We make no claims about them.