Last updated on 2025-05-01 10:50:10 CEST.
Flavor | Version | Tinstall | Tcheck | Ttotal | Status | Flags |
---|---|---|---|---|---|---|
r-devel-linux-x86_64-debian-clang | 2.1.2 | 51.41 | 209.35 | 260.76 | NOTE | |
r-devel-linux-x86_64-debian-gcc | 2.1.2 | 37.63 | 138.63 | 176.26 | OK | |
r-devel-linux-x86_64-fedora-clang | 2.1.2 | 459.22 | OK | |||
r-devel-linux-x86_64-fedora-gcc | 2.1.2 | 463.73 | OK | |||
r-devel-windows-x86_64 | 2.1.2 | 65.00 | 235.00 | 300.00 | OK | |
r-patched-linux-x86_64 | 2.1.2 | 57.51 | 200.70 | 258.21 | OK | |
r-release-linux-x86_64 | OK | |||||
r-release-macos-arm64 | 2.1.2 | 102.00 | OK | |||
r-release-macos-x86_64 | 2.1.2 | 205.00 | OK | |||
r-release-windows-x86_64 | 2.1.2 | 68.00 | 246.00 | 314.00 | OK | |
r-oldrel-macos-arm64 | 2.1.2 | 100.00 | OK | |||
r-oldrel-macos-x86_64 | 2.1.2 | 249.00 | OK | |||
r-oldrel-windows-x86_64 | 2.1.2 | 57.00 | 250.00 | 307.00 | OK |
Version: 2.1.2
Check: examples
Result: NOTE
Examples with CPU (user + system) or elapsed time > 5s
user system elapsed
GeoVarestbootstrap 3.597 0.314 5.551
Flavor: r-devel-linux-x86_64-debian-clang
These binaries (installable software) and packages are in development.
They may not be fully stable and should be used with caution. We make no claims about them.