CRAN Package Check Results for Package GeoRange

Last updated on 2025-07-01 15:49:49 CEST.

Flavor Version Tinstall Tcheck Ttotal Status Flags
r-devel-linux-x86_64-debian-clang 0.1.0 4.26 44.52 48.78 OK
r-devel-linux-x86_64-debian-gcc 0.1.0 3.19 33.39 36.58 OK
r-devel-linux-x86_64-fedora-clang 0.1.0 73.96 NOTE
r-devel-linux-x86_64-fedora-gcc 0.1.0 71.86 NOTE
r-devel-windows-x86_64 0.1.0 6.00 65.00 71.00 OK
r-patched-linux-x86_64 OK
r-release-linux-x86_64 0.1.0 3.76 42.53 46.29 OK
r-release-macos-arm64 0.1.0 32.00 OK
r-release-macos-x86_64 0.1.0 50.00 OK
r-release-windows-x86_64 0.1.0 7.00 65.00 72.00 OK
r-oldrel-macos-arm64 0.1.0 25.00 OK
r-oldrel-macos-x86_64 0.1.0 36.00 OK
r-oldrel-windows-x86_64 0.1.0 7.00 78.00 85.00 OK

Check Details

Version: 0.1.0
Check: dependencies in R code
Result: NOTE Namespace in Imports field not imported from: ‘velociraptr’ All declared Imports should be used. Flavors: r-devel-linux-x86_64-fedora-clang, r-devel-linux-x86_64-fedora-gcc

These binaries (installable software) and packages are in development.
They may not be fully stable and should be used with caution. We make no claims about them.