Last updated on 2025-05-01 10:50:10 CEST.
Flavor | Version | Tinstall | Tcheck | Ttotal | Status | Flags |
---|---|---|---|---|---|---|
r-devel-linux-x86_64-debian-clang | 2.0.0 | 3.46 | 103.33 | 106.79 | NOTE | |
r-devel-linux-x86_64-debian-gcc | 2.0.0 | 2.65 | 67.52 | 70.17 | OK | |
r-devel-linux-x86_64-fedora-clang | 2.0.0 | 167.08 | OK | |||
r-devel-linux-x86_64-fedora-gcc | 2.0.0 | 180.31 | OK | |||
r-devel-windows-x86_64 | 2.0.0 | 6.00 | 116.00 | 122.00 | OK | |
r-patched-linux-x86_64 | 2.0.0 | 2.56 | 96.11 | 98.67 | OK | |
r-release-linux-x86_64 | OK | |||||
r-release-macos-arm64 | 2.0.0 | 64.00 | OK | |||
r-release-macos-x86_64 | 2.0.0 | 113.00 | OK | |||
r-release-windows-x86_64 | 2.0.0 | 5.00 | 116.00 | 121.00 | OK | |
r-oldrel-macos-arm64 | 2.0.0 | 59.00 | OK | |||
r-oldrel-macos-x86_64 | 2.0.0 | 124.00 | OK | |||
r-oldrel-windows-x86_64 | 2.0.0 | 5.00 | 147.00 | 152.00 | OK |
Version: 2.0.0
Check: examples
Result: NOTE
Examples with CPU (user + system) or elapsed time > 5s
user system elapsed
grid_thinning 6.868 0.132 8.885
Flavor: r-devel-linux-x86_64-debian-clang
These binaries (installable software) and packages are in development.
They may not be fully stable and should be used with caution. We make no claims about them.