Last updated on 2025-02-16 12:53:35 CET.
Flavor | Version | Tinstall | Tcheck | Ttotal | Status | Flags |
---|---|---|---|---|---|---|
r-devel-linux-x86_64-debian-clang | 0.2.0 | 6.61 | 1519.37 | 1525.98 | OK | |
r-devel-linux-x86_64-debian-gcc | 0.2.0 | 4.80 | 880.80 | 885.60 | OK | |
r-devel-linux-x86_64-fedora-clang | 0.2.0 | 1834.97 | ERROR | |||
r-devel-linux-x86_64-fedora-gcc | 0.2.0 | 2030.02 | ERROR | |||
r-devel-macos-arm64 | 0.2.0 | 499.00 | OK | |||
r-devel-macos-x86_64 | 0.2.0 | 1204.00 | OK | |||
r-devel-windows-x86_64 | 0.2.0 | 10.00 | 1152.00 | 1162.00 | OK | |
r-patched-linux-x86_64 | 0.2.0 | 7.24 | 1370.91 | 1378.15 | OK | |
r-release-linux-x86_64 | 0.2.0 | 6.18 | 1396.68 | 1402.86 | OK | |
r-release-macos-arm64 | 0.2.0 | 504.00 | OK | |||
r-release-macos-x86_64 | 0.2.0 | 874.00 | OK | |||
r-release-windows-x86_64 | 0.2.0 | 9.00 | 1172.00 | 1181.00 | OK |
Version: 0.2.0
Check: re-building of vignette outputs
Result: ERROR
Error(s) in re-building vignettes:
Warning: elapsed-time limit of 1 hours reached for sub-process
--- re-building ‘introduction.Rmd’ using rmarkdown
** Processing: /data/gannet/ripley/R/packages/tests-clang/GeoTox.Rcheck/vign_test/GeoTox/vignettes/introduction_files/figure-html/unnamed-chunk-3-1.png
672x288 pixels, 3x8 bits/pixel, RGB
Input IDAT size = 26302 bytes
Input file size = 26416 bytes
Trying:
zc = 9 zm = 8 zs = 0 f = 0 IDAT size = 20429
zc = 9 zm = 8 zs = 1 f = 0
zc = 1 zm = 8 zs = 2 f = 0
zc = 9 zm = 8 zs = 3 f = 0
zc = 9 zm = 8 zs = 0 f = 5
zc = 9 zm = 8 zs = 1 f = 5
zc = 1 zm = 8 zs = 2 f = 5
zc = 9 zm = 8 zs = 3 f = 5
Selecting parameters:
zc = 9 zm = 8 zs = 0 f = 0 IDAT size = 20429
Output IDAT size = 20429 bytes (5873 bytes decrease)
Output file size = 20507 bytes (5909 bytes = 22.37% decrease)
** Processing: /data/gannet/ripley/R/packages/tests-clang/GeoTox.Rcheck/vign_test/GeoTox/vignettes/introduction_files/figure-html/unnamed-chunk-3-2.png
672x288 pixels, 3x8 bits/pixel, RGB
Input IDAT size = 30020 bytes
Input file size = 30134 bytes
Trying:
zc = 9 zm = 8 zs = 0 f = 0 IDAT size = 25906
zc = 9 zm = 8 zs = 1 f = 0
zc = 1 zm = 8 zs = 2 f = 0
zc = 9 zm = 8 zs = 3 f = 0
zc = 9 zm = 8 zs = 0 f = 5
zc = 9 zm = 8 zs = 1 f = 5
zc = 1 zm = 8 zs = 2 f = 5
zc = 9 zm = 8 zs = 3 f = 5
Selecting parameters:
zc = 9 zm = 8 zs = 0 f = 0 IDAT size = 25906
Output IDAT size = 25906 bytes (4114 bytes decrease)
Output file size = 25984 bytes (4150 bytes = 13.77% decrease)
** Processing: /data/gannet/ripley/R/packages/tests-clang/GeoTox.Rcheck/vign_test/GeoTox/vignettes/introduction_files/figure-html/unnamed-chunk-3-3.png
672x288 pixels, 3x8 bits/pixel, RGB
Input IDAT size = 37871 bytes
Input file size = 37997 bytes
Trying:
zc = 9 zm = 8 zs = 0 f = 0 IDAT size = 31676
zc = 9 zm = 8 zs = 1 f = 0
zc = 1 zm = 8 zs = 2 f = 0
zc = 9 zm = 8 zs = 3 f = 0
zc = 9 zm = 8 zs = 0 f = 5
zc = 9 zm = 8 zs = 1 f = 5
zc = 1 zm = 8 zs = 2 f = 5
zc = 9 zm = 8 zs = 3 f = 5
Selecting parameters:
zc = 9 zm = 8 zs = 0 f = 0 IDAT size = 31676
Output IDAT size = 31676 bytes (6195 bytes decrease)
Output file size = 31754 bytes (6243 bytes = 16.43% decrease)
Quitting from lines 70-91 [unnamed-chunk-4] (introduction.Rmd)
Execution halted
--- re-building ‘package_data.Rmd’ using rmarkdown
--- finished re-building ‘package_data.Rmd’
SUMMARY: processing the following file failed:
‘introduction.Rmd’
Error: Vignette re-building failed.
Execution halted
Flavor: r-devel-linux-x86_64-fedora-clang
Version: 0.2.0
Check: re-building of vignette outputs
Result: ERROR
Error(s) in re-building vignettes:
--- re-building ‘introduction.Rmd’ using rmarkdown
** Processing: /data/gannet/ripley/R/packages/tests-devel/GeoTox.Rcheck/vign_test/GeoTox/vignettes/introduction_files/figure-html/unnamed-chunk-3-1.png
672x288 pixels, 3x8 bits/pixel, RGB
Input IDAT size = 26302 bytes
Input file size = 26416 bytes
Trying:
zc = 9 zm = 8 zs = 0 f = 0 IDAT size = 20429
zc = 9 zm = 8 zs = 1 f = 0
zc = 1 zm = 8 zs = 2 f = 0
zc = 9 zm = 8 zs = 3 f = 0
zc = 9 zm = 8 zs = 0 f = 5
zc = 9 zm = 8 zs = 1 f = 5
zc = 1 zm = 8 zs = 2 f = 5
zc = 9 zm = 8 zs = 3 f = 5
Selecting parameters:
zc = 9 zm = 8 zs = 0 f = 0 IDAT size = 20429
Output IDAT size = 20429 bytes (5873 bytes decrease)
Output file size = 20507 bytes (5909 bytes = 22.37% decrease)
** Processing: /data/gannet/ripley/R/packages/tests-devel/GeoTox.Rcheck/vign_test/GeoTox/vignettes/introduction_files/figure-html/unnamed-chunk-3-2.png
672x288 pixels, 3x8 bits/pixel, RGB
Input IDAT size = 30020 bytes
Input file size = 30134 bytes
Trying:
zc = 9 zm = 8 zs = 0 f = 0 IDAT size = 25906
zc = 9 zm = 8 zs = 1 f = 0
zc = 1 zm = 8 zs = 2 f = 0
zc = 9 zm = 8 zs = 3 f = 0
zc = 9 zm = 8 zs = 0 f = 5
zc = 9 zm = 8 zs = 1 f = 5
zc = 1 zm = 8 zs = 2 f = 5
zc = 9 zm = 8 zs = 3 f = 5
Selecting parameters:
zc = 9 zm = 8 zs = 0 f = 0 IDAT size = 25906
Output IDAT size = 25906 bytes (4114 bytes decrease)
Output file size = 25984 bytes (4150 bytes = 13.77% decrease)
** Processing: /data/gannet/ripley/R/packages/tests-devel/GeoTox.Rcheck/vign_test/GeoTox/vignettes/introduction_files/figure-html/unnamed-chunk-3-3.png
672x288 pixels, 3x8 bits/pixel, RGB
Input IDAT size = 37871 bytes
Input file size = 37997 bytes
Trying:
zc = 9 zm = 8 zs = 0 f = 0 IDAT size = 31676
zc = 9 zm = 8 zs = 1 f = 0
zc = 1 zm = 8 zs = 2 f = 0
zc = 9 zm = 8 zs = 3 f = 0
zc = 9 zm = 8 zs = 0 f = 5
zc = 9 zm = 8 zs = 1 f = 5
zc = 1 zm = 8 zs = 2 f = 5
zc = 9 zm = 8 zs = 3 f = 5
Selecting parameters:
zc = 9 zm = 8 zs = 0 f = 0 IDAT size = 31676
Output IDAT size = 31676 bytes (6195 bytes decrease)
Output file size = 31754 bytes (6243 bytes = 16.43% decrease)
--- re-building ‘package_data.Rmd’ using rmarkdown
--- finished re-building ‘package_data.Rmd’
SUMMARY: processing the following file failed:
‘introduction.Rmd’
Error: Vignette re-building failed.
Execution halted
Flavor: r-devel-linux-x86_64-fedora-gcc
These binaries (installable software) and packages are in development.
They may not be fully stable and should be used with caution. We make no claims about them.