CRAN Package Check Results for Package GeomComb

Last updated on 2025-05-01 17:56:04 CEST.

Flavor Version Tinstall Tcheck Ttotal Status Flags
r-devel-linux-x86_64-debian-clang 1.0 15.09 141.87 156.96 NOTE
r-devel-linux-x86_64-debian-gcc 1.0 9.21 98.12 107.33 NOTE
r-devel-linux-x86_64-fedora-clang 1.0 231.92 OK
r-devel-linux-x86_64-fedora-gcc 1.0 223.52 OK
r-devel-windows-x86_64 1.0 16.00 144.00 160.00 NOTE
r-patched-linux-x86_64 1.0 13.15 135.43 148.58 NOTE
r-release-linux-x86_64 NOTE
r-release-macos-arm64 1.0 69.00 OK
r-release-macos-x86_64 1.0 122.00 OK
r-release-windows-x86_64 1.0 16.00 142.00 158.00 NOTE
r-oldrel-macos-arm64 1.0 58.00 NOTE
r-oldrel-macos-x86_64 1.0 90.00 NOTE
r-oldrel-windows-x86_64 1.0 19.00 192.00 211.00 NOTE

Check Details

Version: 1.0
Check: CRAN incoming feasibility
Result: NOTE Maintainer: ‘Christoph E. Weiss <info@ceweiss.com>’ No Authors@R field in DESCRIPTION. Please add one, modifying Authors@R: c(person(given = c("Christoph", "E."), family = "Weiss", role = c("aut", "cre"), email = "info@ceweiss.com"), person(given = c("Gernot", "R."), family = "Roetzer", role = "aut")) as necessary. Flavors: r-devel-linux-x86_64-debian-clang, r-devel-linux-x86_64-debian-gcc

Version: 1.0
Check: Rd cross-references
Result: NOTE Found the following Rd file(s) with Rd \link{} targets missing package anchors: comb_EIG2.Rd: accuracy comb_SA.Rd: accuracy Please provide package anchors for all Rd \link{} targets not in the package itself and the base packages. Flavors: r-devel-linux-x86_64-debian-clang, r-devel-linux-x86_64-debian-gcc, r-devel-windows-x86_64, r-patched-linux-x86_64, r-release-linux-x86_64, r-release-windows-x86_64

Version: 1.0
Check: examples
Result: NOTE Examples with CPU (user + system) or elapsed time > 5s user system elapsed auto_combine 4.218 0.151 5.444 Flavor: r-devel-linux-x86_64-debian-clang

Version: 1.0
Check: LazyData
Result: NOTE 'LazyData' is specified without a 'data' directory Flavors: r-oldrel-macos-arm64, r-oldrel-macos-x86_64, r-oldrel-windows-x86_64

These binaries (installable software) and packages are in development.
They may not be fully stable and should be used with caution. We make no claims about them.