CRAN Package Check Results for Package GetoptLong

Last updated on 2025-05-29 19:51:32 CEST.

Flavor Version Tinstall Tcheck Ttotal Status Flags
r-devel-linux-x86_64-debian-clang 1.0.5 3.96 59.59 63.55 NOTE
r-devel-linux-x86_64-debian-gcc 1.0.5 3.15 46.05 49.20 NOTE
r-devel-linux-x86_64-fedora-clang 1.0.5 111.14 OK
r-devel-linux-x86_64-fedora-gcc 1.0.5 122.31 OK
r-devel-windows-x86_64 1.0.5 6.00 135.00 141.00 OK
r-patched-linux-x86_64 1.0.5 3.86 57.50 61.36 OK
r-release-linux-x86_64 1.0.5 4.10 57.11 61.21 OK
r-release-macos-arm64 1.0.5 60.00 OK
r-release-macos-x86_64 1.0.5 97.00 OK
r-release-windows-x86_64 1.0.5 7.00 141.00 148.00 OK
r-oldrel-macos-arm64 1.0.5 58.00 OK
r-oldrel-macos-x86_64 1.0.5 79.00 OK
r-oldrel-windows-x86_64 1.0.5 6.00 152.00 158.00 OK

Check Details

Version: 1.0.5
Check: CRAN incoming feasibility
Result: NOTE Maintainer: ‘Zuguang Gu <z.gu@dkfz.de>’ No Authors@R field in DESCRIPTION. Please add one, modifying Authors@R: person(given = "Zuguang", family = "Gu", role = c("aut", "cre"), email = "z.gu@dkfz.de") as necessary. Flavors: r-devel-linux-x86_64-debian-clang, r-devel-linux-x86_64-debian-gcc

These binaries (installable software) and packages are in development.
They may not be fully stable and should be used with caution. We make no claims about them.