CRAN Package Check Results for Package GhostKnockoff

Last updated on 2025-07-22 19:51:49 CEST.

Flavor Version Tinstall Tcheck Ttotal Status Flags
r-devel-linux-x86_64-debian-clang 0.1.0 13.30 102.32 115.62 NOTE
r-devel-linux-x86_64-debian-gcc 0.1.0 9.59 74.67 84.26 NOTE
r-devel-linux-x86_64-fedora-clang 0.1.0 192.63 OK
r-devel-linux-x86_64-fedora-gcc 0.1.0 165.81 OK
r-devel-windows-x86_64 0.1.0 14.00 103.00 117.00 OK
r-patched-linux-x86_64 0.1.0 13.95 97.71 111.66 OK
r-release-linux-x86_64 0.1.0 12.35 96.80 109.15 OK
r-release-macos-arm64 0.1.0 68.00 OK
r-release-macos-x86_64 0.1.0 111.00 OK
r-release-windows-x86_64 0.1.0 14.00 105.00 119.00 OK
r-oldrel-macos-arm64 0.1.0 63.00 OK
r-oldrel-macos-x86_64 0.1.0 88.00 OK
r-oldrel-windows-x86_64 0.1.0 19.00 130.00 149.00 OK

Check Details

Version: 0.1.0
Check: CRAN incoming feasibility
Result: NOTE Maintainer: ‘Zihuai He <zihuai@stanford.edu>’ No Authors@R field in DESCRIPTION. Please add one, modifying Authors@R: person(given = "Zihuai", family = "He", role = c("aut", "cre"), email = "zihuai@stanford.edu") as necessary. Flavors: r-devel-linux-x86_64-debian-clang, r-devel-linux-x86_64-debian-gcc

These binaries (installable software) and packages are in development.
They may not be fully stable and should be used with caution. We make no claims about them.