CRAN Package Check Results for Package Gifi

Last updated on 2025-02-19 06:50:47 CET.

Flavor Version Tinstall Tcheck Ttotal Status Flags
r-devel-linux-x86_64-debian-clang 0.4-0 5.03 44.36 49.39 OK
r-devel-linux-x86_64-debian-gcc 0.4-0 4.07 31.17 35.24 OK
r-devel-linux-x86_64-fedora-clang 0.4-0 86.61 OK
r-devel-linux-x86_64-fedora-gcc 0.4-0 76.99 OK
r-devel-macos-arm64 0.4-0 25.00 OK
r-devel-macos-x86_64 0.4-0 48.00 OK
r-devel-windows-x86_64 0.4-0 9.00 63.00 72.00 OK
r-patched-linux-x86_64 0.4-0 5.72 41.88 47.60 OK
r-release-linux-x86_64 0.4-0 5.01 41.76 46.77 OK
r-release-macos-arm64 0.4-0 25.00 OK
r-release-macos-x86_64 0.4-0 40.00 OK
r-release-windows-x86_64 0.4-0 10.00 63.00 73.00 OK
r-oldrel-macos-arm64 0.4-0 26.00 OK
r-oldrel-macos-x86_64 0.4-0 41.00 NOTE
r-oldrel-windows-x86_64 0.4-0 11.00 77.00 88.00 OK

Check Details

Version: 0.4-0
Check: package dependencies
Result: NOTE Packages suggested but not available for checking: 'psych', 'psychTools' Flavor: r-oldrel-macos-x86_64

These binaries (installable software) and packages are in development.
They may not be fully stable and should be used with caution. We make no claims about them.