Last updated on 2025-11-11 15:50:35 CET.
| Flavor | Version | Tinstall | Tcheck | Ttotal | Status | Flags |
|---|---|---|---|---|---|---|
| r-devel-linux-x86_64-debian-clang | 1.0.0 | 12.90 | 176.56 | 189.46 | NOTE | |
| r-devel-linux-x86_64-debian-gcc | 1.0.0 | 8.43 | 127.66 | 136.09 | NOTE | |
| r-devel-linux-x86_64-fedora-clang | 1.0.0 | 27.00 | 264.61 | 291.61 | OK | |
| r-devel-linux-x86_64-fedora-gcc | 1.0.0 | 31.00 | 267.38 | 298.38 | OK | |
| r-devel-windows-x86_64 | 1.0.0 | 14.00 | 181.00 | 195.00 | OK | |
| r-patched-linux-x86_64 | 1.0.0 | 13.35 | 167.01 | 180.36 | OK | |
| r-release-linux-x86_64 | 1.0.0 | 13.11 | 168.17 | 181.28 | OK | |
| r-release-macos-arm64 | 1.0.0 | 8.00 | 102.00 | 110.00 | OK | |
| r-release-macos-x86_64 | 1.0.0 | 10.00 | 153.00 | 163.00 | OK | |
| r-release-windows-x86_64 | 1.0.0 | 15.00 | 179.00 | 194.00 | OK | |
| r-oldrel-macos-arm64 | 1.0.0 | 5.00 | 77.00 | 82.00 | OK | |
| r-oldrel-macos-x86_64 | 1.0.0 | 8.00 | 121.00 | 129.00 | OK | |
| r-oldrel-windows-x86_64 | 1.0.0 | 19.00 | 229.00 | 248.00 | OK |
Version: 1.0.0
Check: CRAN incoming feasibility
Result: NOTE
Maintainer: ‘Greg McMahan <gmcmacran@gmail.com>’
No Authors@R field in DESCRIPTION.
Please add one, modifying
Authors@R: person(given = "Greg",
family = "McMahan",
role = c("aut", "cre"),
email = "gmcmacran@gmail.com")
as necessary.
Flavors: r-devel-linux-x86_64-debian-clang, r-devel-linux-x86_64-debian-gcc
These binaries (installable software) and packages are in development.
They may not be fully stable and should be used with caution. We make no claims about them.