Last updated on 2025-05-01 17:56:04 CEST.
Flavor | Version | Tinstall | Tcheck | Ttotal | Status | Flags |
---|---|---|---|---|---|---|
r-devel-linux-x86_64-debian-clang | 0.1.2 | 3.59 | 27.41 | 31.00 | NOTE | |
r-devel-linux-x86_64-debian-gcc | 0.1.2 | 2.35 | 22.15 | 24.50 | NOTE | |
r-devel-linux-x86_64-fedora-clang | 0.1.2 | 49.88 | OK | |||
r-devel-linux-x86_64-fedora-gcc | 0.1.2 | 66.38 | OK | |||
r-devel-windows-x86_64 | 0.1.2 | 4.00 | 51.00 | 55.00 | OK | |
r-patched-linux-x86_64 | 0.1.2 | 2.71 | 26.58 | 29.29 | OK | |
r-release-linux-x86_64 | OK | |||||
r-release-macos-arm64 | 0.1.2 | 28.00 | OK | |||
r-release-macos-x86_64 | 0.1.2 | 67.00 | OK | |||
r-release-windows-x86_64 | 0.1.2 | 4.00 | 51.00 | 55.00 | OK | |
r-oldrel-macos-arm64 | 0.1.2 | 32.00 | OK | |||
r-oldrel-macos-x86_64 | 0.1.2 | 62.00 | OK | |||
r-oldrel-windows-x86_64 | 0.1.2 | 5.00 | 52.00 | 57.00 | OK |
Version: 0.1.2
Check: CRAN incoming feasibility
Result: NOTE
Maintainer: ‘Zuguang Gu <z.gu@dkfz.de>’
No Authors@R field in DESCRIPTION.
Please add one, modifying
Authors@R: person(given = "Zuguang",
family = "Gu",
role = c("aut", "cre"),
email = "z.gu@dkfz.de")
as necessary.
Flavors: r-devel-linux-x86_64-debian-clang, r-devel-linux-x86_64-debian-gcc
These binaries (installable software) and packages are in development.
They may not be fully stable and should be used with caution. We make no claims about them.