CRAN Package Check Results for Package Gmedian

Last updated on 2025-07-19 09:48:30 CEST.

Flavor Version Tinstall Tcheck Ttotal Status Flags
r-devel-linux-x86_64-debian-clang 1.2.7 35.35 56.43 91.78 NOTE
r-devel-linux-x86_64-debian-gcc 1.2.7 26.63 45.22 71.85 NOTE
r-devel-linux-x86_64-fedora-clang 1.2.7 156.39 OK
r-devel-linux-x86_64-fedora-gcc 1.2.7 145.77 OK
r-devel-windows-x86_64 1.2.7 46.00 87.00 133.00 OK
r-patched-linux-x86_64 1.2.7 37.74 54.33 92.07 OK
r-release-linux-x86_64 1.2.7 37.11 54.59 91.70 OK
r-release-macos-arm64 1.2.7 45.00 OK
r-release-macos-x86_64 1.2.7 75.00 OK
r-release-windows-x86_64 1.2.7 42.00 87.00 129.00 OK
r-oldrel-macos-arm64 1.2.7 44.00 OK
r-oldrel-macos-x86_64 1.2.7 69.00 OK
r-oldrel-windows-x86_64 1.2.7 54.00 106.00 160.00 OK

Check Details

Version: 1.2.7
Check: CRAN incoming feasibility
Result: NOTE Maintainer: ‘Herve Cardot <herve.cardot@u-bourgogne.fr>’ No Authors@R field in DESCRIPTION. Please add one, modifying Authors@R: person(given = "Herve", family = "Cardot", role = c("aut", "cre"), email = "herve.cardot@u-bourgogne.fr") as necessary. Flavors: r-devel-linux-x86_64-debian-clang, r-devel-linux-x86_64-debian-gcc

These binaries (installable software) and packages are in development.
They may not be fully stable and should be used with caution. We make no claims about them.