Last updated on 2025-10-03 07:49:42 CEST.
Flavor | Version | Tinstall | Tcheck | Ttotal | Status | Flags |
---|---|---|---|---|---|---|
r-devel-linux-x86_64-debian-clang | 1.2.7 | 30.60 | 59.08 | 89.68 | NOTE | |
r-devel-linux-x86_64-debian-gcc | 1.2.7 | 25.22 | 45.38 | 70.60 | NOTE | |
r-devel-linux-x86_64-fedora-clang | 1.2.7 | 157.94 | OK | |||
r-devel-linux-x86_64-fedora-gcc | 1.2.7 | 149.83 | OK | |||
r-devel-windows-x86_64 | 1.2.7 | 47.00 | 86.00 | 133.00 | OK | |
r-patched-linux-x86_64 | 1.2.7 | 37.97 | 56.00 | 93.97 | OK | |
r-release-linux-x86_64 | 1.2.7 | 37.47 | 55.91 | 93.38 | OK | |
r-release-macos-arm64 | 1.2.7 | 45.00 | OK | |||
r-release-macos-x86_64 | 1.2.7 | 75.00 | OK | |||
r-release-windows-x86_64 | 1.2.7 | 47.00 | 86.00 | 133.00 | OK | |
r-oldrel-macos-arm64 | 1.2.7 | 44.00 | OK | |||
r-oldrel-macos-x86_64 | 1.2.7 | 69.00 | OK | |||
r-oldrel-windows-x86_64 | 1.2.7 | 56.00 | 106.00 | 162.00 | OK |
Version: 1.2.7
Check: CRAN incoming feasibility
Result: NOTE
Maintainer: ‘Herve Cardot <herve.cardot@u-bourgogne.fr>’
No Authors@R field in DESCRIPTION.
Please add one, modifying
Authors@R: person(given = "Herve",
family = "Cardot",
role = c("aut", "cre"),
email = "herve.cardot@u-bourgogne.fr")
as necessary.
Flavors: r-devel-linux-x86_64-debian-clang, r-devel-linux-x86_64-debian-gcc
These binaries (installable software) and packages are in development.
They may not be fully stable and should be used with caution. We make no claims about them.