Last updated on 2024-07-27 15:50:19 CEST.
Flavor | Version | Tinstall | Tcheck | Ttotal | Status | Flags |
---|---|---|---|---|---|---|
r-devel-linux-x86_64-debian-clang | 3.0.3 | 38.17 | 190.50 | 228.67 | OK | |
r-devel-linux-x86_64-debian-gcc | 3.0.3 | NOTE | ||||
r-devel-linux-x86_64-fedora-clang | 3.0.3 | 305.49 | OK | |||
r-devel-linux-x86_64-fedora-gcc | 3.0.3 | 288.38 | OK | |||
r-devel-windows-x86_64 | 3.0.3 | 36.00 | 170.00 | 206.00 | NOTE | |
r-patched-linux-x86_64 | 3.0.3 | OK | ||||
r-release-linux-x86_64 | 3.0.3 | 25.41 | 183.24 | 208.65 | OK | |
r-release-macos-arm64 | 3.0.3 | 83.00 | OK | |||
r-release-macos-x86_64 | 3.0.3 | 111.00 | OK | |||
r-release-windows-x86_64 | 3.0.3 | 43.00 | 171.00 | 214.00 | OK | |
r-oldrel-macos-arm64 | 3.0.3 | 85.00 | OK | |||
r-oldrel-macos-x86_64 | 3.0.3 | 172.00 | OK | |||
r-oldrel-windows-x86_64 | 3.0.3 | 45.00 | 216.00 | 261.00 | OK |
Version: 3.0.3
Check: Rd cross-references
Result: NOTE
Found the following Rd file(s) with Rd \link{} targets missing package
anchors:
descGetMissing.Rd: txtInt
describeFactors.Rd: txtInt
describeMean.Rd: txtInt
describeMedian.Rd: txtInt
describeProp.Rd: txtInt
mergeDesc.Rd: htmlTable
Please provide package anchors for all Rd \link{} targets not in the
package itself and the base packages.
Flavors: r-devel-linux-x86_64-debian-gcc, r-devel-windows-x86_64
These binaries (installable software) and packages are in development.
They may not be fully stable and should be used with caution. We make no claims about them.