Last updated on 2025-05-01 10:50:11 CEST.
Flavor | Version | Tinstall | Tcheck | Ttotal | Status | Flags |
---|---|---|---|---|---|---|
r-devel-linux-x86_64-debian-clang | 3.0.3 | 31.38 | 153.29 | 184.67 | NOTE | |
r-devel-linux-x86_64-debian-gcc | 3.0.3 | 21.24 | 111.07 | 132.31 | NOTE | |
r-devel-linux-x86_64-fedora-clang | 3.0.3 | 294.26 | OK | |||
r-devel-linux-x86_64-fedora-gcc | 3.0.3 | 283.72 | OK | |||
r-devel-windows-x86_64 | 3.0.3 | 35.00 | 179.00 | 214.00 | NOTE | |
r-patched-linux-x86_64 | 3.0.3 | 29.61 | 145.28 | 174.89 | NOTE | |
r-release-linux-x86_64 | NOTE | |||||
r-release-macos-arm64 | 3.0.3 | 78.00 | OK | |||
r-release-macos-x86_64 | 3.0.3 | 146.00 | OK | |||
r-release-windows-x86_64 | 3.0.3 | 35.00 | 182.00 | 217.00 | NOTE | |
r-oldrel-macos-arm64 | 3.0.3 | 83.00 | OK | |||
r-oldrel-macos-x86_64 | 3.0.3 | 111.00 | OK | |||
r-oldrel-windows-x86_64 | 3.0.3 | 45.00 | 224.00 | 269.00 | OK |
Version: 3.0.3
Check: CRAN incoming feasibility
Result: NOTE
Maintainer: ‘Max Gordon <max@gforge.se>’
No Authors@R field in DESCRIPTION.
Please add one, modifying
Authors@R: person(given = "Max",
family = "Gordon",
role = c("aut", "cre"),
email = "max@gforge.se")
as necessary.
Flavors: r-devel-linux-x86_64-debian-clang, r-devel-linux-x86_64-debian-gcc
Version: 3.0.3
Check: Rd cross-references
Result: NOTE
Found the following Rd file(s) with Rd \link{} targets missing package
anchors:
descGetMissing.Rd: txtInt
describeFactors.Rd: txtInt
describeMean.Rd: txtInt
describeMedian.Rd: txtInt
describeProp.Rd: txtInt
mergeDesc.Rd: htmlTable
Please provide package anchors for all Rd \link{} targets not in the
package itself and the base packages.
Flavors: r-devel-linux-x86_64-debian-clang, r-devel-linux-x86_64-debian-gcc, r-devel-windows-x86_64, r-patched-linux-x86_64, r-release-linux-x86_64, r-release-windows-x86_64
These binaries (installable software) and packages are in development.
They may not be fully stable and should be used with caution. We make no claims about them.